{"id":923,"date":"2026-03-24T07:30:00","date_gmt":"2026-03-24T07:30:00","guid":{"rendered":"http:\/\/sabeono.com\/?page_id=923"},"modified":"2026-03-24T07:30:00","modified_gmt":"2026-03-24T07:30:00","slug":"pochopenie-erektilnej-dysfunkcie-a-jej-pricin-2","status":"publish","type":"page","link":"http:\/\/sabeono.com\/?page_id=923","title":{"rendered":"Pochopenie erektilnej dysfunkcie a jej pr\u00ed\u010din"},"content":{"rendered":"<h1>Zmeny \u017eivotn\u00e9ho \u0161t\u00fdlu, ktor\u00e9 podporuj\u00fa lie\u010dbu ED: bezpe\u010dnostn\u00fd kontroln\u00fd zoznam pred zak\u00fapen\u00edm<\/h1>\n<p>Erektiln\u00e1 dysfunkcia (ED) sa d\u00e1 zvl\u00e1dnu\u0165 kombin\u00e1ciou zmien \u017eivotn\u00e9ho \u0161t\u00fdlu, lek\u00e1rskeho vedenia a otvorenej komunik\u00e1cie, \u010do si vy\u017eaduje starostliv\u00e9 zv\u00e1\u017eenie a bezpe\u010dnostn\u00e9 opatrenia pred n\u00e1kupom alebo z\u00e1sahom.<\/p>\n<h2>Pochopenie erektilnej dysfunkcie a jej pr\u00ed\u010din<\/h2>\n<p>Erektiln\u00e1 dysfunkcia (ED) je roz\u0161\u00edren\u00fd stav, ktor\u00fd postihuje v\u00fdznamn\u00fd po\u010det mu\u017eov na celom svete. Je charakterizovan\u00e1 neschopnos\u0165ou dosiahnu\u0165 alebo udr\u017ea\u0165 erekciu dostato\u010dn\u00fa na uspokojiv\u00fd sexu\u00e1lny v\u00fdkon. Hoci je ED \u010dasto spojen\u00e1 so starnut\u00edm, m\u00f4\u017ee sa vyskytn\u00fa\u0165 v akomko\u013evek veku a m\u00f4\u017ee by\u0165 znakom z\u00e1kladn\u00fdch zdravotn\u00fdch probl\u00e9mov. Be\u017en\u00e9 pr\u00ed\u010diny zah\u0155\u0148aj\u00fa kardiovaskul\u00e1rne ochorenia, cukrovku, hormon\u00e1lnu nerovnov\u00e1hu a psychologick\u00e9 faktory, ako je stres a \u00fazkos\u0165.<\/p>\n<p>Pochopenie z\u00e1kladnej pr\u00ed\u010diny ED je k\u013e\u00fa\u010dov\u00e9 pre \u00fa\u010dinn\u00fa lie\u010dbu. Napr\u00edklad, ak je diabetes z\u00e1kladn\u00fdm probl\u00e9mom, riadenie hlad\u00edn cukru v krvi m\u00f4\u017ee zmierni\u0165 pr\u00edznaky. Podobne, rie\u0161enie probl\u00e9mov du\u0161evn\u00e9ho zdravia m\u00f4\u017ee vies\u0165 k zlep\u0161eniu erektilnej funkcie. Naj\u00fa\u010dinnej\u0161\u00ed je \u010dasto holistick\u00fd pr\u00edstup, ktor\u00fd zoh\u013ead\u0148uje fyzick\u00e9 aj psychick\u00e9 faktory.<\/p>\n<h2>\u00daloha stravy pri podpore lie\u010dby ED<\/h2>\n<p>Di\u00e9ta zohr\u00e1va v\u00fdznamn\u00fa \u00falohu pri zvl\u00e1dan\u00ed ED, preto\u017ee niektor\u00e9 potraviny m\u00f4\u017eu zlep\u0161i\u0165 prietok krvi a zdravie srdca, pri\u010dom obe s\u00fa nevyhnutn\u00e9 pre erektiln\u00fa funkciu. Strava bohat\u00e1 na ovocie, zeleninu, cel\u00e9 zrn\u00e1 a chud\u00e9 bielkoviny m\u00f4\u017ee podpori\u0165 celkov\u00e9 zdravie ciev. Potraviny s vysok\u00fdm obsahom omega-3 mastn\u00fdch kysel\u00edn, ako je losos a \u013eanov\u00e9 semienka, s\u00fa obzvl\u00e1\u0161\u0165 prospe\u0161n\u00e9 v\u010faka svojim protiz\u00e1palov\u00fdm vlastnostiam.<\/p>\n<p>Naopak, di\u00e9ty s vysok\u00fdm obsahom spracovan\u00fdch potrav\u00edn, cukru a nezdrav\u00fdch tukov m\u00f4\u017eu prispie\u0165 k obezite a kardiovaskul\u00e1rnym ochoreniam, ktor\u00e9 s\u00fa rizikov\u00fdmi faktormi pre ED. Za\u010dlenenie vyv\u00e1\u017eenej stravy, ktor\u00e1 podporuje zdravie srdca, m\u00f4\u017ee by\u0165 siln\u00fdm n\u00e1strojom pri zvl\u00e1dan\u00ed erektilnej dysfunkcie.<\/p>\n<h2>Cvi\u010debn\u00e9 rutiny na zlep\u0161enie erektilnej funkcie<\/h2>\n<p>Je zn\u00e1me, \u017ee pravideln\u00e1 fyzick\u00e1 aktivita zlep\u0161uje kardiovaskul\u00e1rne zdravie, \u010do priamo s\u00favis\u00ed s erektilnou funkciou. Aer\u00f3bne cvi\u010denia ako ch\u00f4dza, bicyklovanie a pl\u00e1vanie zlep\u0161uj\u00fa krvn\u00fd obeh a zni\u017euj\u00fa riziko kardiovaskul\u00e1rnych ochoren\u00ed. Zapojenie sa do t\u00fdchto aktiv\u00edt aspo\u0148 30 min\u00fat denne m\u00f4\u017ee ma\u0165 pozit\u00edvny vplyv na ED.<\/p>\n<p>Silov\u00fd tr\u00e9ning tie\u017e zohr\u00e1va \u00falohu pri zlep\u0161ovan\u00ed sympt\u00f3mov ED. Budovanie svalovej hmoty zvy\u0161uje hladinu testoster\u00f3nu, \u010do m\u00f4\u017ee zv\u00fd\u0161i\u0165 libido a erektiln\u00fa funkciu. Pre optim\u00e1lne v\u00fdhody je d\u00f4le\u017eit\u00e9 vytvori\u0165 vyv\u00e1\u017een\u00fa cvi\u010debn\u00fa rutinu, ktor\u00e1 zah\u0155\u0148a aer\u00f3bne aj silov\u00e9 cvi\u010denia.<\/p>\n<h2>Techniky zvl\u00e1dania stresu pre ED<\/h2>\n<p>Stres v\u00fdznamne prispieva k erektilnej dysfunkcii a jeho zvl\u00e1dnutie je nevyhnutn\u00e9 pre \u00fa\u010dinn\u00fa lie\u010dbu. Techniky ako v\u0161\u00edmavos\u0165, joga a medit\u00e1cia m\u00f4\u017eu pom\u00f4c\u0165 zn\u00ed\u017ei\u0165 hladinu stresu a zlep\u0161i\u0165 du\u0161evn\u00e9 zdravie. Tieto praktiky podporuj\u00fa relax\u00e1ciu, zni\u017euj\u00fa \u00fazkos\u0165 a zlep\u0161uj\u00fa celkov\u00fa pohodu, \u010do v\u0161etko m\u00f4\u017ee pozit\u00edvne ovplyvni\u0165 erektiln\u00fa funkciu.<\/p>\n<p>Kognit\u00edvna behavior\u00e1lna terapia (CBT) je \u010fal\u0161ou \u00fa\u010dinnou met\u00f3dou na zvl\u00e1danie stresu a \u00fazkosti s\u00favisiacej s ED. CBT pom\u00e1ha jednotlivcom identifikova\u0165 a zmeni\u0165 negat\u00edvne my\u0161lienkov\u00e9 vzorce, ktor\u00e9 prispievaj\u00fa k stresu, \u010d\u00edm sa zlep\u0161uje du\u0161evn\u00e1 odolnos\u0165 a sexu\u00e1lne zdravie.<\/p>\n<h2>Vplyv sp\u00e1nku na erektiln\u00e9 zdravie<\/h2>\n<p>Kvalitn\u00fd sp\u00e1nok je \u017eivotne d\u00f4le\u017eit\u00fd pre celkov\u00e9 zdravie a pohodu a zohr\u00e1va k\u013e\u00fa\u010dov\u00fa \u00falohu pri erektilnej funkcii. Po\u010das sp\u00e1nku sa telo opravuje a regeneruje a udr\u017eiava sa hormon\u00e1lna rovnov\u00e1ha. Nedostato\u010dn\u00fd sp\u00e1nok m\u00f4\u017ee vies\u0165 k zn\u00ed\u017eeniu hladiny testoster\u00f3nu, zn\u00ed\u017eeniu libida a zhor\u0161eniu erektilnej funkcie.<\/p>\n<p>Stanovenie pravideln\u00e9ho sp\u00e1nkov\u00e9ho re\u017eimu <a href=\"https:\/\/starostlivost-zdravia.com\/\">https:\/\/starostlivost-zdravia.com\/<\/a> a vytvorenie pokojn\u00e9ho prostredia m\u00f4\u017ee zlep\u0161i\u0165 kvalitu sp\u00e1nku. Vyh\u00fdbanie sa \u010dasu str\u00e1ven\u00e9mu pred span\u00edm a zaistenie chladu a tmy v sp\u00e1lni m\u00f4\u017ee tie\u017e podpori\u0165 lep\u0161\u00ed sp\u00e1nok a n\u00e1sledne podpori\u0165 erektiln\u00e9 zdravie.<\/p>\n<h2>Vyh\u00fdbanie sa alkoholu a faj\u010deniu pre lep\u0161iu lie\u010dbu ED<\/h2>\n<p>Alkohol aj faj\u010denie maj\u00fa \u0161kodliv\u00e9 \u00fa\u010dinky na erektiln\u00fa funkciu. Alkohol m\u00f4\u017ee tlmi\u0165 centr\u00e1lny nervov\u00fd syst\u00e9m, \u010d\u00edm zhor\u0161uje schopnos\u0165 mozgu vysiela\u0165 sign\u00e1ly do penisu na dosiahnutie erekcie. Chronick\u00e9 u\u017e\u00edvanie alkoholu m\u00f4\u017ee vies\u0165 aj k dlhodob\u00e9mu po\u0161kodeniu ciev.<\/p>\n<p>Na druhej strane faj\u010denie obmedzuje prietok krvi a po\u0161kodzuje cievy, \u010do je k\u013e\u00fa\u010dov\u00e9 pre dosiahnutie erekcie. Presta\u0165 faj\u010di\u0165 a obmedzi\u0165 pr\u00edjem alkoholu m\u00f4\u017ee v\u00fdrazne zlep\u0161i\u0165 erektiln\u00fa funkciu a celkov\u00e9 zdravie.<\/p>\n<h2>Bezpe\u010dn\u00e9 mo\u017enosti suplement\u00e1cie pre ED<\/h2>\n<p>Zatia\u013e \u010do doplnky s\u00fa \u010dasto pred\u00e1van\u00e9 ako r\u00fdchle rie\u0161enie pre ED, je d\u00f4le\u017eit\u00e9 pristupova\u0165 k nim opatrne. Nie v\u0161etky doplnky s\u00fa \u00fa\u010dinn\u00e9 a niektor\u00e9 m\u00f4\u017eu interagova\u0165 s liekmi alebo ma\u0165 ved\u013eaj\u0161ie \u00fa\u010dinky. L-argin\u00edn, aminokyselina, ktor\u00e1 pom\u00e1ha zvy\u0161ova\u0165 prietok krvi, sa uk\u00e1zal ako s\u013eubn\u00fd pri zlep\u0161ovan\u00ed sympt\u00f3mov ED.<\/p>\n<p>Pred za\u010dat\u00edm ak\u00e9hoko\u013evek doplnkov\u00e9ho re\u017eimu je nevyhnutn\u00e9 poradi\u0165 sa s poskytovate\u013eom zdravotnej starostlivosti, aby sa zaistila bezpe\u010dnos\u0165 a \u00fa\u010dinnos\u0165. Profesion\u00e1l m\u00f4\u017ee pom\u00f4c\u0165 ur\u010di\u0165 vhodn\u00e9 doplnky a d\u00e1vkovanie na z\u00e1klade individu\u00e1lnych zdravotn\u00fdch potrieb.<\/p>\n<h2>Psychologick\u00e1 podpora a poradenstvo pre ED<\/h2>\n<p>ED m\u00f4\u017ee ma\u0165 hlbok\u00fd vplyv na psychick\u00fa pohodu mu\u017ea, \u010do vedie k pocitom nedostato\u010dnosti, \u00fazkosti a depresii. H\u013eadanie psychologickej podpory a poradenstva m\u00f4\u017ee by\u0165 prospe\u0161n\u00e9 pri zvl\u00e1dan\u00ed t\u00fdchto emocion\u00e1lnych aspektov. Terapia poskytuje bezpe\u010dn\u00fd priestor na diskusiu o obav\u00e1ch a sk\u00faman\u00ed psychologick\u00fdch faktorov, ktor\u00e9 prispievaj\u00fa k ED.<\/p>\n<p>P\u00e1rov\u00e1 terapia m\u00f4\u017ee by\u0165 tie\u017e n\u00e1pomocn\u00e1 pri rie\u0161en\u00ed dynamiky vz\u0165ahov, ktor\u00e1 m\u00f4\u017ee ovplyvni\u0165 sexu\u00e1lne zdravie. Podporuj\u00faci partner a otvoren\u00e1 komunik\u00e1cia m\u00f4\u017eu zmierni\u0165 stres a posilni\u0165 intimitu, \u010do prispieva k zlep\u0161eniu erektilnej funkcie.<\/p>\n<h2>D\u00f4le\u017eitos\u0165 pravideln\u00fdch lek\u00e1rskych prehliadok<\/h2>\n<p>Pravideln\u00e9 lek\u00e1rske prehliadky s\u00fa k\u013e\u00fa\u010dov\u00e9 pre sledovanie celkov\u00e9ho zdravia a identifik\u00e1ciu potenci\u00e1lnych rizikov\u00fdch faktorov pre ED. Rutinn\u00e9 vy\u0161etrenia m\u00f4\u017eu odhali\u0165 stavy, ako je vysok\u00fd krvn\u00fd tlak, vysok\u00fd cholesterol a cukrovka, ktor\u00e9 s\u00fa \u010dasto spojen\u00e9 s erektilnou dysfunkciou.<\/p>\n<p>Konzult\u00e1cia s poskytovate\u013eom zdravotnej starostlivosti m\u00f4\u017ee tie\u017e pom\u00f4c\u0165 pri hodnoten\u00ed s\u00fa\u010dasn\u00fdch liekov a vykonan\u00ed potrebn\u00fdch \u00faprav, aby sa predi\u0161lo nepriazniv\u00fdm \u00fa\u010dinkom na erektiln\u00fa funkciu. Prevent\u00edvna zdravotn\u00e1 starostlivos\u0165 zohr\u00e1va v\u00fdznamn\u00fa \u00falohu pri zvl\u00e1dan\u00ed a potenci\u00e1lne zvr\u00e1ten\u00ed ED.<\/p>\n<h2>Hodnotenie bezpe\u010dnosti vo\u013ene predajnej lie\u010dby ED<\/h2>\n<p>Vo\u013ene predajn\u00e9 (OTC) lie\u010dby ED s\u00fa \u0161iroko dostupn\u00e9, ale ich bezpe\u010dnos\u0165 a \u00fa\u010dinnos\u0165 sa m\u00f4\u017eu v\u00fdrazne l\u00ed\u0161i\u0165. Mnoh\u00fdm z t\u00fdchto o\u0161etren\u00ed ch\u00fdba pr\u00edsne testovanie a m\u00f4\u017eu obsahova\u0165 neuveden\u00e9 alebo \u0161kodliv\u00e9 zlo\u017eky. Je nevyhnutn\u00e9 pristupova\u0165 k OTC lie\u010dbe opatrne a d\u00f4kladne presk\u00fama\u0165 ich bezpe\u010dnos\u0165.<\/p>\n<p>Pred vysk\u00fa\u0161an\u00edm ak\u00fdchko\u013evek vo\u013ene predajn\u00fdch produktov sa odpor\u00fa\u010da konzultova\u0165 s poskytovate\u013eom zdravotnej starostlivosti. M\u00f4\u017eu poskytn\u00fa\u0165 usmernenie o tom, ktor\u00e9 lie\u010dby s\u00fa \u00fa\u010dinn\u00e9 a bezpe\u010dn\u00e9, pri\u010dom sa potenci\u00e1lne m\u00f4\u017eu vyhn\u00fa\u0165 ne\u017eiaducim reakci\u00e1m a ne\u00fa\u010dinn\u00fdm z\u00e1sahom.<\/p>\n<h2>Pochopenie potenci\u00e1lnych liekov\u00fdch interakci\u00ed<\/h2>\n<p>Mnoho jedincov s ED u\u017e m\u00f4\u017ee u\u017e\u00edva\u0165 r\u00f4zne lieky na in\u00e9 zdravotn\u00e9 stavy a je d\u00f4le\u017eit\u00e9 uvedomi\u0165 si potenci\u00e1lne liekov\u00e9 interakcie. Kombin\u00e1cia ur\u010dit\u00fdch liekov m\u00f4\u017ee zhor\u0161i\u0165 sympt\u00f3my ED alebo vies\u0165 k z\u00e1va\u017en\u00fdm ved\u013eaj\u0161\u00edm \u00fa\u010dinkom.<\/p>\n<p>Pred za\u010dat\u00edm ak\u00e9hoko\u013evek nov\u00e9ho lieku alebo doplnku je d\u00f4le\u017eit\u00e9 prediskutova\u0165 potenci\u00e1lne interakcie s poskytovate\u013eom zdravotnej starostlivosti. M\u00f4\u017eu poskytn\u00fa\u0165 preh\u013ead o bezpe\u010dn\u00fdch kombin\u00e1ci\u00e1ch a v pr\u00edpade potreby navrhn\u00fa\u0165 alternat\u00edvy.<\/p>\n<h2>Sledovanie ved\u013eaj\u0161\u00edch \u00fa\u010dinkov a kedy vyh\u013eada\u0165 pomoc<\/h2>\n<p>V\u0161etky lieky a lie\u010dby maj\u00fa potenci\u00e1l pre ved\u013eaj\u0161ie \u00fa\u010dinky a ich monitorovanie je d\u00f4le\u017eit\u00fdm aspektom mana\u017ementu ED. Be\u017en\u00e9 ved\u013eaj\u0161ie \u00fa\u010dinky liekov na ED zah\u0155\u0148aj\u00fa bolesti hlavy, z\u00e1vraty a tr\u00e1viace probl\u00e9my. Zatia\u013e \u010do mnoh\u00e9 ved\u013eaj\u0161ie \u00fa\u010dinky s\u00fa mierne, niektor\u00e9 m\u00f4\u017eu by\u0165 z\u00e1va\u017en\u00e9 a vy\u017eaduj\u00fa okam\u017eit\u00fa lek\u00e1rsku pomoc.<\/p>\n<p>Ak sa objavia nejak\u00e9 nezvy\u010dajn\u00e9 pr\u00edznaky alebo ak ved\u013eaj\u0161ie \u00fa\u010dinky pretrv\u00e1vaj\u00fa, je nevyhnutn\u00e9 vyh\u013eada\u0165 pomoc poskytovate\u013ea zdravotnej starostlivosti. M\u00f4\u017eu ur\u010di\u0165, \u010di s\u00fa potrebn\u00e9 \u00fapravy pl\u00e1nu lie\u010dby a zabezpe\u010di\u0165, aby lie\u010dba ED zostala bezpe\u010dn\u00e1 a \u00fa\u010dinn\u00e1.<\/p>\n<h2>Budovanie podporn\u00e9ho prostredia pre mana\u017ement ED<\/h2>\n<p>Podporuj\u00face prostredie m\u00f4\u017ee v\u00fdznamne zmeni\u0165 mana\u017ement ED. Povzbudenie od rodiny, priate\u013eov a partnerov m\u00f4\u017ee zmierni\u0165 stres a zlep\u0161i\u0165 dodr\u017eiavanie lie\u010dby. Otvoren\u00e1 komunik\u00e1cia o v\u00fdzvach a pokroku podporuje porozumenie a zni\u017euje pocity izol\u00e1cie.<\/p>\n<p>Vytv\u00e1ranie pozit\u00edvnej atmosf\u00e9ry, ktor\u00e1 podporuje zmeny zdrav\u00e9ho \u017eivotn\u00e9ho \u0161t\u00fdlu, ako je strava a cvi\u010denie, \u010falej podporuje erektiln\u00e9 zdravie. Zapojenie bl\u00edzkych do t\u00fdchto zmien m\u00f4\u017ee vybudova\u0165 sie\u0165 podpory a motiv\u00e1cie.<\/p>\n<h2>Ako diskutova\u0165 o ED so svoj\u00edm partnerom<\/h2>\n<p>Diskusia o ED s partnerom m\u00f4\u017ee by\u0165 n\u00e1ro\u010dn\u00e1, ale je d\u00f4le\u017eit\u00fdm krokom pri zvl\u00e1dan\u00ed tohto stavu. Otvoren\u00e1 a \u00faprimn\u00e1 komunik\u00e1cia pom\u00e1ha obom partnerom pochopi\u0165 situ\u00e1ciu a spolupracova\u0165 na rie\u0161en\u00ed. Rozhoduj\u00face je pristupova\u0165 k rozhovoru citlivo a empaticky.<\/p>\n<p>Povzbudzovanie dial\u00f3gu o pocitoch a obav\u00e1ch m\u00f4\u017ee posilni\u0165 vz\u0165ah a zn\u00ed\u017ei\u0165 emocion\u00e1lnu z\u00e1\u0165a\u017e ED. T\u00edmov\u00e1 pr\u00e1ca na rie\u0161en\u00ed probl\u00e9mu m\u00f4\u017ee vies\u0165 k efekt\u00edvnej\u0161iemu riadeniu a zlep\u0161eniu kvality \u017eivota.<\/p>\n<h2>Stanovenie realistick\u00fdch o\u010dak\u00e1van\u00ed a sledovanie pokroku<\/h2>\n<p>Stanovenie realistick\u00fdch o\u010dak\u00e1van\u00ed je nevyhnutnou s\u00fa\u010das\u0165ou riadenia ED. Zatia\u013e \u010do zmeny \u017eivotn\u00e9ho \u0161t\u00fdlu a lie\u010dby m\u00f4\u017eu v\u00fdrazne zlep\u0161i\u0165 erektiln\u00fa funkciu, v\u00fdsledky sa m\u00f4\u017eu medzi jednotlivcami l\u00ed\u0161i\u0165. Je d\u00f4le\u017eit\u00e9 si uvedomi\u0165, \u017ee pokrok m\u00f4\u017ee by\u0165 postupn\u00fd a vy\u017eaduje si trpezlivos\u0165 a vytrvalos\u0165.<\/p>\n<p>Pravideln\u00e9 sledovanie pokroku a oslavovanie mal\u00fdch zlep\u0161en\u00ed m\u00f4\u017ee zv\u00fd\u0161i\u0165 motiv\u00e1ciu a sebavedomie. Vedenie denn\u00edka sympt\u00f3mov a zmien m\u00f4\u017ee poskytn\u00fa\u0165 cenn\u00e9 poznatky a pomoc pri diskusi\u00e1ch s poskytovate\u013emi zdravotnej starostlivosti. Stanovenie dosiahnute\u013en\u00fdch cie\u013eov a sledovanie zlep\u0161en\u00ed zabezpe\u010duje, \u017ee \u00fasilie je v s\u00falade s realistick\u00fdmi v\u00fdsledkami.<\/p>\n","protected":false},"excerpt":{"rendered":"<p>Zmeny \u017eivotn\u00e9ho \u0161t\u00fdlu, ktor\u00e9 podporuj\u00fa lie\u010dbu ED: bezpe\u010dnostn\u00fd kontroln\u00fd zoznam pred zak\u00fapen\u00edm Erektiln\u00e1 dysfunkcia (ED) sa d\u00e1 zvl\u00e1dnu\u0165 kombin\u00e1ciou zmien \u017eivotn\u00e9ho \u0161t\u00fdlu, lek\u00e1rskeho vedenia a otvorenej komunik\u00e1cie, \u010do si vy\u017eaduje starostliv\u00e9 zv\u00e1\u017eenie a bezpe\u010dnostn\u00e9 opatrenia pred n\u00e1kupom alebo z\u00e1sahom. Pochopenie erektilnej dysfunkcie a jej pr\u00ed\u010din Erektiln\u00e1 dysfunkcia (ED) je roz\u0161\u00edren\u00fd stav, ktor\u00fd postihuje v\u00fdznamn\u00fd po\u010det &hellip; <a href=\"http:\/\/sabeono.com\/?page_id=923\" class=\"more-link\">Continue reading <span class=\"screen-reader-text\">Pochopenie erektilnej dysfunkcie a jej pr\u00ed\u010din<\/span> <span class=\"meta-nav\">&rarr;<\/span><\/a><\/p>\n","protected":false},"author":1,"featured_media":0,"parent":0,"menu_order":0,"comment_status":"closed","ping_status":"closed","template":"","meta":{"footnotes":""},"_links":{"self":[{"href":"http:\/\/sabeono.com\/index.php?rest_route=\/wp\/v2\/pages\/923"}],"collection":[{"href":"http:\/\/sabeono.com\/index.php?rest_route=\/wp\/v2\/pages"}],"about":[{"href":"http:\/\/sabeono.com\/index.php?rest_route=\/wp\/v2\/types\/page"}],"author":[{"embeddable":true,"href":"http:\/\/sabeono.com\/index.php?rest_route=\/wp\/v2\/users\/1"}],"replies":[{"embeddable":true,"href":"http:\/\/sabeono.com\/index.php?rest_route=%2Fwp%2Fv2%2Fcomments&post=923"}],"version-history":[{"count":1,"href":"http:\/\/sabeono.com\/index.php?rest_route=\/wp\/v2\/pages\/923\/revisions"}],"predecessor-version":[{"id":924,"href":"http:\/\/sabeono.com\/index.php?rest_route=\/wp\/v2\/pages\/923\/revisions\/924"}],"wp:attachment":[{"href":"http:\/\/sabeono.com\/index.php?rest_route=%2Fwp%2Fv2%2Fmedia&parent=923"}],"curies":[{"name":"wp","href":"https:\/\/api.w.org\/{rel}","templated":true}]}}