{"id":847,"date":"2026-03-23T17:16:32","date_gmt":"2026-03-23T17:16:32","guid":{"rendered":"http:\/\/sabeono.com\/?page_id=847"},"modified":"2026-03-23T17:16:32","modified_gmt":"2026-03-23T17:16:32","slug":"ako-sa-tadalafil-lisi-od-inych-inhibitorov-pde5","status":"publish","type":"page","link":"http:\/\/sabeono.com\/?page_id=847","title":{"rendered":"Ako sa tadalafil l\u00ed\u0161i od in\u00fdch inhib\u00edtorov PDE5"},"content":{"rendered":"<h1>Inhib\u00edtory PDE5 vysvetlili: ako sildenafil, tadalafil a vardenafil \u00fa\u010dinkuj\u00fa<\/h1>\n<p>Inhib\u00edtory PDE5, vr\u00e1tane sildenafilu, tadalafilu a vardenafilu, s\u00fa nevyhnutn\u00e9 lieky na lie\u010dbu erektilnej dysfunkcie, pri\u010dom ka\u017ed\u00fd z nich m\u00e1 jedine\u010dn\u00e9 mechanizmy a \u00fa\u010dinky, ktor\u00e9 zvy\u0161uj\u00fa kvalitu \u017eivota.<\/p>\n<h2>Pochopenie \u00falohy inhib\u00edtorov PDE5 pri erektilnej dysfunkcii<\/h2>\n<p>Erektiln\u00e1 dysfunkcia (ED) je roz\u0161\u00edren\u00fd stav, ktor\u00fd postihuje mili\u00f3ny mu\u017eov na celom svete, charakterizovan\u00fd neschopnos\u0165ou dosiahnu\u0165 alebo udr\u017ea\u0165 erekciu dostato\u010dn\u00fa pre uspokojiv\u00fd sexu\u00e1lny v\u00fdkon. Inhib\u00edtory PDE5 sa uk\u00e1zali ako z\u00e1kladn\u00fd kame\u0148 v lie\u010dbe ED, sp\u00f4sobili revol\u00faciu v terapeutick\u00fdch mo\u017enostiach a pon\u00fakli n\u00e1dej postihnut\u00fdm. Tieto lieky p\u00f4sobia tak, \u017ee zvy\u0161uj\u00fa prietok krvi do penisu, \u010d\u00edm u\u013eah\u010duj\u00fa proces erekcie v kombin\u00e1cii so sexu\u00e1lnou stimul\u00e1ciou.<\/p>\n<p>Zavedenie inhib\u00edtorov PDE5 zlep\u0161ilo nielen individu\u00e1lne zdravotn\u00e9 v\u00fdsledky, ale aj zv\u00fd\u0161ilo povedomie o ED, \u010do podnietilo viac mu\u017eov, aby vyh\u013eadali lek\u00e1rsku pomoc a lie\u010dbu. Rie\u0161en\u00edm fyziologick\u00fdch aspektov erektilnej dysfunkcie tieto lieky v\u00fdrazne zn\u00ed\u017eili stigmu spojen\u00fa s t\u00fdmto stavom, \u010do umo\u017e\u0148uje mu\u017eom vies\u0165 plnohodnotnej\u0161\u00ed osobn\u00fd \u017eivot.<\/p>\n<h2>Mechanizmus \u00fa\u010dinku sildenafilu<\/h2>\n<p>Sildenafil, p\u00f4vodne vyvinut\u00fd na lie\u010dbu ang\u00edny pectoris, bol prv\u00fdm inhib\u00edtorom PDE5, ktor\u00fd bol schv\u00e1len\u00fd pre ED. Mechanizmus jeho \u00fa\u010dinku spo\u010d\u00edva v inhib\u00edcii enz\u00fdmu fosfodiester\u00e1zy typu 5 (PDE5), ktor\u00fd sa nach\u00e1dza v r\u00f4znych tkaniv\u00e1ch, vr\u00e1tane corpus cavernosum penisu. Blokovan\u00edm PDE5 zabra\u0148uje sildenafil degrad\u00e1cii cyklick\u00e9ho guanoz\u00ednmonofosf\u00e1tu (cGMP), molekuly, ktor\u00e1 uvo\u013e\u0148uje bunky hladk\u00e9ho svalstva a podporuje vazodilat\u00e1ciu.<\/p>\n<p>V\u00fdsledkom je, \u017ee sildenafil zvy\u0161uje prirodzen\u00fa erektiln\u00fa odpove\u010f na sexu\u00e1lnu stimul\u00e1ciu zv\u00fd\u0161en\u00edm prietoku krvi do penisu. Tento liek je zvy\u010dajne \u00fa\u010dinn\u00fd do 30 a\u017e 60 min\u00fat po po\u017eit\u00ed, \u010do z neho rob\u00ed vhodn\u00fa mo\u017enos\u0165 pre pl\u00e1novan\u00fa sexu\u00e1lnu aktivitu. Jeho \u00fa\u010dinnos\u0165 a bezpe\u010dnostn\u00fd profil urobili zo sildenafilu ob\u013e\u00faben\u00fa vo\u013ebu medzi poskytovate\u013emi zdravotnej starostlivosti aj medzi pacientmi.<\/p>\n<h2>Ako sa tadalafil l\u00ed\u0161i od in\u00fdch inhib\u00edtorov PDE5<\/h2>\n<p>Tadalafil, zn\u00e1my pre svoje dlh\u00e9 trvanie \u00fa\u010dinku, pon\u00faka v\u00fdrazn\u00fa v\u00fdhodu oproti in\u00fdm inhib\u00edtorom PDE5. Na rozdiel od sildenafilu, ktor\u00fd m\u00e1 relat\u00edvne kr\u00e1tky pol\u010das, m\u00f4\u017ee tadalafil zosta\u0165 \u00fa\u010dinn\u00fd a\u017e 36 hod\u00edn, \u010d\u00edm si vysl\u00fa\u017eil prez\u00fdvku &quot;v\u00edkendov\u00e1 tabletka.&quot; Tento pred\u013a\u017een\u00fd \u00fa\u010dinok poskytuje v\u00e4\u010d\u0161iu spont\u00e1nnos\u0165 a umo\u017e\u0148uje p\u00e1rom viac slobody v ich int\u00edmnych aktivit\u00e1ch.<\/p>\n<p>\u010eal\u0161\u00edm v\u00fdznamn\u00fdm rozdielom je zn\u00ed\u017een\u00fd vplyv pr\u00edjmu potravy na absorpciu tadalafilu, \u010do znamen\u00e1, \u017ee ho mo\u017eno u\u017e\u00edva\u0165 s jedlom alebo bez jedla. T\u00e1to flexibilita v kombin\u00e1cii s roz\u0161\u00edren\u00fdm \u00fa\u010dinkom rob\u00ed tadalafil atrakt\u00edvnou vo\u013ebou pre mnoh\u00fdch mu\u017eov. Okrem toho sa tadalafil niekedy predpisuje na denn\u00e9 pou\u017eitie v ni\u017e\u0161ej d\u00e1vke, \u010do poskytuje nepretr\u017eit\u00fd terapeutick\u00fd \u00fa\u010dinok pre mu\u017eov, ktor\u00ed nechc\u00fa na\u010dasova\u0165 svoju lie\u010dbu sexu\u00e1lnou aktivitou.<\/p>\n<h2>Vardenafil: Podrobn\u00fd poh\u013ead na jeho funk\u010dnos\u0165<\/h2>\n<p>Vardenafil, podobne ako sildenafil, p\u00f4sob\u00ed tak, \u017ee selekt\u00edvne inhibuje enz\u00fdm PDE5, \u010d\u00edm zvy\u0161uje hladiny cGMP a zvy\u0161uje erektiln\u00fa odpove\u010f. Jedn\u00fdm z charakteristick\u00fdch znakov vardenafilu je jeho vy\u0161\u0161ia \u00fa\u010dinnos\u0165, ktor\u00e1 umo\u017e\u0148uje ni\u017e\u0161iu d\u00e1vku v porovnan\u00ed so sildenafilom. To m\u00f4\u017ee by\u0165 prospe\u0161n\u00e9 pre pacientov, ktor\u00ed m\u00f4\u017eu by\u0165 citliv\u00ed na vy\u0161\u0161ie d\u00e1vky liekov.<\/p>\n<p>Okrem toho vardenafil vykazuje r\u00fdchly n\u00e1stup \u00fa\u010dinku, ktor\u00fd \u010dasto za\u010dne \u00fa\u010dinkova\u0165 v priebehu 25 a\u017e 30 min\u00fat. Jeho trvanie, aj ke\u010f je krat\u0161ie ako u tadalafilu, je porovnate\u013en\u00e9 so sildenafilom a trv\u00e1 pribli\u017ene \u0161tyri a\u017e p\u00e4\u0165 hod\u00edn. Jedine\u010dn\u00e9 farmakokinetick\u00e9 vlastnosti vardenafilu z neho robia vhodn\u00fa vo\u013ebu pre mu\u017eov, ktor\u00ed vy\u017eaduj\u00fa r\u00fdchlo p\u00f4sobiaci roztok bez roz\u0161\u00edren\u00fdch \u00fa\u010dinkov tadalafilu.<\/p>\n<h2>Porovnanie \u00fa\u010dinnosti sildenafilu, tadalafilu a vardenafilu<\/h2>\n<p>Pri porovnan\u00ed \u00fa\u010dinnosti sildenafilu, tadalafilu a vardenafilu v\u0161etky tri preuk\u00e1zali v\u00fdznamn\u00fa \u00fa\u010dinnos\u0165 v klinick\u00fdch \u0161t\u00fadi\u00e1ch, pri\u010dom miera odpovede sa zvy\u010dajne pohybovala od 60 % do 80 %. Preferencie pacienta v\u0161ak \u010dasto diktuj\u00fa v\u00fdber lieku, ktor\u00fd ovplyv\u0148uj\u00fa faktory, ako je trvanie \u00fa\u010dinku, \u010das n\u00e1stupu a profil ved\u013eaj\u0161\u00edch \u00fa\u010dinkov.<\/p>\n<p>Zatia\u013e \u010do sildenafil zost\u00e1va popul\u00e1rnou vo\u013ebou <a href=\"https:\/\/lekarneonline.net\/\">Lek\u00e1re\u0148 Online<\/a> v\u010faka svojej dlhoro\u010dnej pr\u00edtomnosti a osved\u010den\u00fdm v\u00fdsledkom, pred\u013a\u017een\u00e9 trvanie tadalafilu pon\u00faka jedine\u010dn\u00fa v\u00fdhodu pre t\u00fdch, ktor\u00ed h\u013eadaj\u00fa flexibilitu. Vardenafil, na druhej strane, m\u00f4\u017eu preferova\u0165 jednotlivci, ktor\u00ed maj\u00fa menej ved\u013eaj\u0161\u00edch \u00fa\u010dinkov alebo vy\u017eaduj\u00fa silnej\u0161iu mo\u017enos\u0165. V kone\u010dnom d\u00f4sledku by sa v\u00fdber medzi t\u00fdmito liekmi mal riadi\u0165 individu\u00e1lnymi potrebami a lek\u00e1rskymi radami.<\/p>\n<h2>N\u00e1stup a trvanie: Ako dlho trvaj\u00fa inhib\u00edtory PDE5?<\/h2>\n<p>N\u00e1stup a trvanie inhib\u00edtorov PDE5 sa v\u00fdrazne l\u00ed\u0161ia, \u010do ovplyv\u0148uje ich vhodnos\u0165 pre r\u00f4zne \u017eivotn\u00e9 \u0161t\u00fdly. Sildenafil zvy\u010dajne za\u010dne \u00fa\u010dinkova\u0165 do 30 a\u017e 60 min\u00fat a trv\u00e1 pribli\u017ene \u0161tyri a\u017e \u0161es\u0165 hod\u00edn. Tento \u010dasov\u00fd r\u00e1mec umo\u017e\u0148uje zna\u010dn\u00e9 mno\u017estvo pr\u00edle\u017eitost\u00ed, ale vy\u017eaduje si ur\u010dit\u00e9 pl\u00e1novanie.<\/p>\n<p>Pred\u013a\u017een\u00e9 trvanie tadalafilu a\u017e na 36 hod\u00edn ho odli\u0161uje a poskytuje uvo\u013enenej\u0161\u00ed pr\u00edstup k sexu\u00e1lnej aktivite bez potreby presn\u00e9ho na\u010dasovania. Vardenafil, s r\u00fdchlym n\u00e1stupom podobn\u00fdm sildenafilu, pon\u00faka o nie\u010do krat\u0161ie trvanie, zvy\u010dajne trv\u00e1 pribli\u017ene \u0161tyri a\u017e p\u00e4\u0165 hod\u00edn. Pochopenie t\u00fdchto rozdielov m\u00f4\u017ee pom\u00f4c\u0165 pacientom vybra\u0165 si najlep\u0161iu mo\u017enos\u0165 pre ich pl\u00e1n a preferencie.<\/p>\n<h2>Ved\u013eaj\u0161ie \u00fa\u010dinky a bezpe\u010dnostn\u00fd profil inhib\u00edtorov PDE5<\/h2>\n<p>Hoci s\u00fa inhib\u00edtory PDE5 vo v\u0161eobecnosti dobre tolerovan\u00e9, nie s\u00fa bez ved\u013eaj\u0161\u00edch \u00fa\u010dinkov. Be\u017en\u00e9 ne\u017eiaduce \u00fa\u010dinky zah\u0155\u0148aj\u00fa bolesti hlavy, n\u00e1valy hor\u00fa\u010davy, upchat\u00fd nos a tr\u00e1viace \u0165a\u017ekosti, ktor\u00e9 s\u00fa zvy\u010dajne mierne a prechodn\u00e9. Niektor\u00ed pou\u017e\u00edvatelia m\u00f4\u017eu zaznamena\u0165 zmeny videnia, najm\u00e4 pri sildenafile, ktor\u00e9 m\u00f4\u017eu ovplyvni\u0165 vn\u00edmanie farieb.<\/p>\n<p>Z\u00e1va\u017enej\u0161ie ved\u013eaj\u0161ie \u00fa\u010dinky, ako je n\u00e1hla strata sluchu alebo erekcia trvaj\u00faca viac ako \u0161tyri hodiny (priapizmus), vy\u017eaduj\u00fa okam\u017eit\u00fa lek\u00e1rsku pomoc. Pacienti s ur\u010dit\u00fdmi u\u017e existuj\u00facimi ochoreniami, ako je z\u00e1va\u017en\u00e9 ochorenie srdca, sa mo\u017eno bud\u00fa musie\u0165 \u00faplne vyhn\u00fa\u0165 inhib\u00edtorom PDE5. Konzult\u00e1cia so zdravotn\u00edckym pracovn\u00edkom pred za\u010dat\u00edm lie\u010dby je rozhoduj\u00faca pre zaistenie bezpe\u010dnosti a \u00fa\u010dinnosti.<\/p>\n<h2>Interakcie s in\u00fdmi liekmi: Na \u010do si da\u0165 pozor<\/h2>\n<p>Inhib\u00edtory PDE5 m\u00f4\u017eu interagova\u0165 s r\u00f4znymi liekmi, \u010do m\u00f4\u017ee vies\u0165 k ne\u017eiaducim \u00fa\u010dinkom. Predov\u0161etk\u00fdm by sa nemali pou\u017e\u00edva\u0165 spolu s nitr\u00e1tmi, ktor\u00e9 sa \u010dasto predpisuj\u00fa pri bolestiach na hrudn\u00edku, preto\u017ee t\u00e1to kombin\u00e1cia m\u00f4\u017ee sp\u00f4sobi\u0165 nebezpe\u010dn\u00fd pokles krvn\u00e9ho tlaku. Podobne sa odpor\u00fa\u010da opatrnos\u0165 pri pou\u017e\u00edvan\u00ed inhib\u00edtorov PDE5 s alfa-blok\u00e1tormi alebo niektor\u00fdmi antihypertenz\u00edvami.<\/p>\n<p>\u010eal\u0161ie interakcie sa m\u00f4\u017eu vyskytn\u00fa\u0165 pri liekoch metabolizovan\u00fdch pe\u010de\u0148ov\u00fdm enz\u00fdmom CYP3A4, ako s\u00fa niektor\u00e9 antimykotik\u00e1 a antibiotik\u00e1. Pacienti by mali v\u017edy informova\u0165 svojho poskytovate\u013ea zdravotnej starostlivosti o svojich s\u00fa\u010dasn\u00fdch liekoch, aby sa vyhli \u0161kodliv\u00fdm interakci\u00e1m a zabezpe\u010dili bezpe\u010dn\u00e9 pou\u017e\u00edvanie inhib\u00edtorov PDE5.<\/p>\n<h2>Inhib\u00edtory PDE5 a faktory \u017eivotn\u00e9ho \u0161t\u00fdlu<\/h2>\n<p>Faktory \u017eivotn\u00e9ho \u0161t\u00fdlu m\u00f4\u017eu v\u00fdznamne ovplyvni\u0165 \u00fa\u010dinnos\u0165 inhib\u00edtorov PDE5. Napr\u00edklad konzum\u00e1cia ve\u013ek\u00e9ho mno\u017estva alkoholu m\u00f4\u017ee zhor\u0161i\u0165 \u00fa\u010dinnos\u0165 lieku a zv\u00fd\u0161i\u0165 pravdepodobnos\u0165 ved\u013eaj\u0161\u00edch \u00fa\u010dinkov. Udr\u017eiavanie zdrav\u00e9ho \u017eivotn\u00e9ho \u0161t\u00fdlu vr\u00e1tane pravideln\u00e9ho cvi\u010denia a vyv\u00e1\u017eenej stravy m\u00f4\u017ee zv\u00fd\u0161i\u0165 celkov\u00e9 v\u00fdhody inhib\u00edtorov PDE5.<\/p>\n<p>Faj\u010denie je \u010fal\u0161\u00edm faktorom, ktor\u00fd m\u00f4\u017ee ovplyvni\u0165 erektiln\u00fa funkciu a zn\u00ed\u017ei\u0165 \u00fa\u010dinnos\u0165 lie\u010dby. Odvykanie od faj\u010denia nielen zlep\u0161uje celkov\u00e9 zdravie, ale m\u00f4\u017ee tie\u017e zlep\u0161i\u0165 odpove\u010f na inhib\u00edtory PDE5. Pacientom sa odpor\u00fa\u010da, aby tieto faktory zv\u00e1\u017eili ako s\u00fa\u010das\u0165 komplexn\u00e9ho pr\u00edstupu k zvl\u00e1daniu erektilnej dysfunkcie.<\/p>\n<h2>Pochopenie odpor\u00fa\u010dan\u00ed pre d\u00e1vkovanie inhib\u00edtorov PDE5<\/h2>\n<p>Odpor\u00fa\u010dan\u00e9 d\u00e1vkovanie inhib\u00edtorov PDE5 sa l\u00ed\u0161i v z\u00e1vislosti od konkr\u00e9tneho lieku a individu\u00e1lnych potrieb pacienta. Sildenafil sa zvy\u010dajne za\u010d\u00edna d\u00e1vkou 50 mg, ktor\u00e1 sa m\u00f4\u017ee upravi\u0165 na z\u00e1klade \u00fa\u010dinnosti a zn\u00e1\u0161anlivosti. Tadalafil sa \u010dasto predpisuje ako 10 mg d\u00e1vka na pou\u017eitie pod\u013ea potreby alebo ni\u017e\u0161ia d\u00e1vka na ka\u017edodenn\u00e9 pou\u017eitie.<\/p>\n<p>Vardenafil sa zvy\u010dajne za\u010d\u00edna d\u00e1vkou 10 mg s \u00fapravami pod\u013ea odpovede a ved\u013eaj\u0161\u00edch \u00fa\u010dinkov. Je nevyhnutn\u00e9, aby pacienti dodr\u017eiavali pokyny poskytovate\u013ea zdravotnej starostlivosti t\u00fdkaj\u00face sa d\u00e1vkovania s cie\u013eom optimalizova\u0165 v\u00fdsledky lie\u010dby a z\u00e1rove\u0148 minimalizova\u0165 riziko ne\u017eiaducich \u00fa\u010dinkov.<\/p>\n<h2>Vplyv inhib\u00edtorov PDE5 na kvalitu \u017eivota<\/h2>\n<p>Zavedenie inhib\u00edtorov PDE5 malo hlbok\u00fd vplyv na kvalitu \u017eivota jedincov s erektilnou dysfunkciou. Okrem zlep\u0161enia sexu\u00e1lnej funkcie m\u00f4\u017eu tieto lieky zv\u00fd\u0161i\u0165 sebavedomie, zn\u00ed\u017ei\u0165 \u00fazkos\u0165 a zlep\u0161i\u0165 vz\u0165ahy. Pre mnoh\u00fdch mu\u017eov je schopnos\u0165 zapoji\u0165 sa do spont\u00e1nnej, uspokojivej sexu\u00e1lnej aktivity v\u00fdznamn\u00fdm stimulom pre ich celkov\u00fa pohodu.<\/p>\n<p>Okrem toho, \u00faspe\u0161n\u00e1 lie\u010dba erektilnej dysfunkcie m\u00f4\u017ee zmierni\u0165 psychick\u00fa z\u00e1\u0165a\u017e spojen\u00fa s t\u00fdmto stavom a povzbudi\u0165 mu\u017eov, aby vyh\u013eadali pomoc sk\u00f4r a otvorenej\u0161ie diskutovali o svojich sk\u00fasenostiach s poskytovate\u013emi zdravotnej starostlivosti. Tento pozit\u00edvny posun v pr\u00edstupe prispieva k lep\u0161\u00edm zdravotn\u00fdm v\u00fdsledkom a plnohodnotnej\u0161iemu osobn\u00e9mu \u017eivotu.<\/p>\n<h2>Pou\u017eitie inhib\u00edtorov PDE5 pri in\u00fdch zdravotn\u00fdch stavoch<\/h2>\n<p>Okrem erektilnej dysfunkcie sa inhib\u00edtory PDE5 uk\u00e1zali ako s\u013eubn\u00e9 pri lie\u010dbe in\u00fdch zdravotn\u00fdch stavov. Tadalafil je napr\u00edklad schv\u00e1len\u00fd na lie\u010dbu ben\u00edgnej hyperpl\u00e1zie prostaty (BPH), \u010do je be\u017en\u00fd stav, ktor\u00fd postihuje mo\u010denie u star\u0161\u00edch mu\u017eov. Uvo\u013enen\u00edm hladk\u00fdch svalov m\u00f4\u017ee tadalafil zmierni\u0165 mo\u010dov\u00e9 sympt\u00f3my spojen\u00e9 s BPH.<\/p>\n<p>Okrem toho sa sildenafil a tadalafil pou\u017e\u00edvali na lie\u010dbu p\u013e\u00facnej arteri\u00e1lnej hypertenzie (PAH), stavu charakterizovan\u00e9ho vysok\u00fdm krvn\u00fdm tlakom v p\u013e\u00facnych tepn\u00e1ch. Zlep\u0161en\u00edm prietoku krvi tieto lieky pom\u00e1haj\u00fa zni\u017eova\u0165 sympt\u00f3my a zlep\u0161ova\u0165 cvi\u010debn\u00fa kapacitu u pacientov s PAH. Prebiehaj\u00faci v\u00fdskum pokra\u010duje v sk\u00faman\u00ed \u010fal\u0161\u00edch potenci\u00e1lnych pou\u017eit\u00ed inhib\u00edtorov PDE5 v r\u00f4znych medic\u00ednskych kontextoch.<\/p>\n<h2>Stru\u010dn\u00e1 hist\u00f3ria v\u00fdvoja inhib\u00edtorov PDE5<\/h2>\n<p>V\u00fdvoj inhib\u00edtorov PDE5 sa datuje do konca 20. storo\u010dia, pri\u010dom sildenafil sa p\u00f4vodne sk\u00famal ako lie\u010dba kardiovaskul\u00e1rnych ochoren\u00ed. Po\u010das klinick\u00fdch sk\u00fa\u0161ok v\u00fdskumn\u00edci pozorovali jeho neo\u010dak\u00e1van\u00fd \u00fa\u010dinok na erektiln\u00fa funkciu, \u010do viedlo k jeho op\u00e4tovn\u00e9mu pou\u017eitiu na lie\u010dbu erektilnej dysfunkcie. V roku 1998 sa sildenafil stal prv\u00fdm inhib\u00edtorom PDE5 schv\u00e1len\u00fdm FDA na toto pou\u017eitie, \u010do predstavuje v\u00fdznamn\u00fd m\u00ed\u013enik v lie\u010dbe sexu\u00e1lneho zdravia.<\/p>\n<p>Po \u00faspechu sildenafilu boli vyvinut\u00e9 \u010fal\u0161ie inhib\u00edtory PDE5 ako tadalafil a vardenafil, z ktor\u00fdch ka\u017ed\u00fd pon\u00faka jedine\u010dn\u00e9 v\u00fdhody a roz\u0161iruje mo\u017enosti lie\u010dby pre mu\u017eov s erektilnou dysfunkciou. Pokra\u010duj\u00faci v\u00fdvoj t\u00fdchto liekov odr\u00e1\u017ea pokra\u010duj\u00faci pokrok vo farmakol\u00f3gii a hlb\u0161ie pochopenie sexu\u00e1lneho zdravia mu\u017eov.<\/p>\n<h2>Bud\u00faci v\u00fdskum a v\u00fdvoj v oblasti inhib\u00edtorov PDE5<\/h2>\n<p>V\u00fdskum inhib\u00edtorov PDE5 st\u00e1le napreduje, pri\u010dom vedci sk\u00famaj\u00fa potenci\u00e1lne nov\u00e9 aplik\u00e1cie a zlep\u0161enia vo formul\u00e1cii. Vyv\u00edja sa \u00fasilie na v\u00fdvoj r\u00fdchlej\u0161ie p\u00f4sobiacich verzi\u00ed, dlhodobej\u0161\u00edch \u00fa\u010dinkov a formul\u00e1ci\u00ed s men\u0161\u00edm po\u010dtom ved\u013eaj\u0161\u00edch \u00fa\u010dinkov. Okrem toho v\u00fdskumn\u00edci sk\u00famaj\u00fa potenci\u00e1lne pr\u00ednosy inhib\u00edtorov PDE5 pri lie\u010dbe stavov mimo sexu\u00e1lneho zdravia, ako s\u00fa srdcov\u00e9 choroby a ur\u010dit\u00e9 typy rakoviny.<\/p>\n<p>Ke\u010f\u017ee sa na\u0161e ch\u00e1panie molekul\u00e1rnych mechanizmov zlep\u0161uje, bud\u00facnos\u0165 inhib\u00edtorov PDE5 je s\u013eubn\u00e1 pre \u0161ir\u0161ie terapeutick\u00e9 aplik\u00e1cie. Pokra\u010duj\u00faci v\u00fdskum m\u00f4\u017ee vies\u0165 k nov\u00fdm lie\u010debn\u00fdm postupom, ktor\u00e9 m\u00f4\u017eu \u010falej zlep\u0161i\u0165 v\u00fdsledky pacientov a roz\u0161\u00edri\u0165 rozsah t\u00fdchto v\u0161estrann\u00fdch liekov.<\/p>\n<h2>V\u00fdber spr\u00e1vneho inhib\u00edtora PDE5: Faktory, ktor\u00e9 treba zv\u00e1\u017ei\u0165<\/h2>\n<p>V\u00fdber najvhodnej\u0161ieho inhib\u00edtora PDE5 zah\u0155\u0148a zv\u00e1\u017eenie nieko\u013ek\u00fdch faktorov, vr\u00e1tane n\u00e1stupu a trvania \u00fa\u010dinku, profilu ved\u013eaj\u0161\u00edch \u00fa\u010dinkov a osobn\u00fdch preferenci\u00ed. Pacienti by mali pri v\u00fdbere bra\u0165 do \u00favahy aj v\u0161etky z\u00e1kladn\u00e9 zdravotn\u00e9 stavy a potenci\u00e1lne liekov\u00e9 interakcie.<\/p>\n<p>Konzult\u00e1cia so zdravotn\u00edckym pracovn\u00edkom je nevyhnutn\u00e1 na ur\u010denie najlep\u0161ej mo\u017enosti prisp\u00f4sobenej individu\u00e1lnym potreb\u00e1m a \u017eivotn\u00e9mu \u0161t\u00fdlu. S cel\u00fdm radom dostupn\u00fdch mo\u017enost\u00ed m\u00f4\u017eu pacienti n\u00e1js\u0165 inhib\u00edtor PDE5, ktor\u00fd nielen \u00fa\u010dinne rie\u0161i ich erektiln\u00fa dysfunkciu, ale je tie\u017e v s\u00falade s ich osobn\u00fdmi a zdravotn\u00fdmi situ\u00e1ciami.<\/p>\n","protected":false},"excerpt":{"rendered":"<p>Inhib\u00edtory PDE5 vysvetlili: ako sildenafil, tadalafil a vardenafil \u00fa\u010dinkuj\u00fa Inhib\u00edtory PDE5, vr\u00e1tane sildenafilu, tadalafilu a vardenafilu, s\u00fa nevyhnutn\u00e9 lieky na lie\u010dbu erektilnej dysfunkcie, pri\u010dom ka\u017ed\u00fd z nich m\u00e1 jedine\u010dn\u00e9 mechanizmy a \u00fa\u010dinky, ktor\u00e9 zvy\u0161uj\u00fa kvalitu \u017eivota. Pochopenie \u00falohy inhib\u00edtorov PDE5 pri erektilnej dysfunkcii Erektiln\u00e1 dysfunkcia (ED) je roz\u0161\u00edren\u00fd stav, ktor\u00fd postihuje mili\u00f3ny mu\u017eov na celom &hellip; <a href=\"http:\/\/sabeono.com\/?page_id=847\" class=\"more-link\">Continue reading <span class=\"screen-reader-text\">Ako sa tadalafil l\u00ed\u0161i od in\u00fdch inhib\u00edtorov PDE5<\/span> <span class=\"meta-nav\">&rarr;<\/span><\/a><\/p>\n","protected":false},"author":1,"featured_media":0,"parent":0,"menu_order":0,"comment_status":"closed","ping_status":"closed","template":"","meta":{"footnotes":""},"_links":{"self":[{"href":"http:\/\/sabeono.com\/index.php?rest_route=\/wp\/v2\/pages\/847"}],"collection":[{"href":"http:\/\/sabeono.com\/index.php?rest_route=\/wp\/v2\/pages"}],"about":[{"href":"http:\/\/sabeono.com\/index.php?rest_route=\/wp\/v2\/types\/page"}],"author":[{"embeddable":true,"href":"http:\/\/sabeono.com\/index.php?rest_route=\/wp\/v2\/users\/1"}],"replies":[{"embeddable":true,"href":"http:\/\/sabeono.com\/index.php?rest_route=%2Fwp%2Fv2%2Fcomments&post=847"}],"version-history":[{"count":1,"href":"http:\/\/sabeono.com\/index.php?rest_route=\/wp\/v2\/pages\/847\/revisions"}],"predecessor-version":[{"id":848,"href":"http:\/\/sabeono.com\/index.php?rest_route=\/wp\/v2\/pages\/847\/revisions\/848"}],"wp:attachment":[{"href":"http:\/\/sabeono.com\/index.php?rest_route=%2Fwp%2Fv2%2Fmedia&parent=847"}],"curies":[{"name":"wp","href":"https:\/\/api.w.org\/{rel}","templated":true}]}}