{"id":825,"date":"2026-03-23T16:52:32","date_gmt":"2026-03-23T16:52:32","guid":{"rendered":"http:\/\/sabeono.com\/?page_id=825"},"modified":"2026-03-23T16:52:32","modified_gmt":"2026-03-23T16:52:32","slug":"mechanizm-dzialania-orlistat-vs-glp-1","status":"publish","type":"page","link":"http:\/\/sabeono.com\/?page_id=825","title":{"rendered":"Mechanizm dzia\u0142ania: Orlistat vs GLP-1"},"content":{"rendered":"<h1>Xenical Generic vs alternatywy: orlistat vs GLP-1<\/h1>\n<p>Badanie r\u00f3\u017cnic mi\u0119dzy lekami generycznymi Xenical, orlistatem i GLP-1 w celu zrozumienia ich roli w kontroli masy cia\u0142a i zdrowiu metabolicznym.<\/p>\n<h2>Zrozumienie Xenicalu i jego preparat\u00f3w generycznych<\/h2>\n<p>Xenical, znany og\u00f3lnie jako orlistat, to nazwa o ugruntowanej pozycji w dziedzinie lek\u00f3w reguluj\u0105cych wag\u0119. Wprowadzony na rynek ponad dwie dekady temu, Xenicalowi towarzyszy\u0142y r\u00f3\u017cne wersje generyczne, dzi\u0119ki czemu by\u0142 bardziej dost\u0119pny dla szerszej populacji. Preparaty te maj\u0105 na celu pom\u00f3c w utracie wagi poprzez zapobieganie wch\u0142anianiu t\u0142uszcz\u00f3w z diety cz\u0142owieka, zmniejszaj\u0105c w ten spos\u00f3b spo\u017cycie kalorii.<\/p>\n<p>Genetyczne preparaty Xenicalu stanowi\u0105 op\u0142acaln\u0105 alternatyw\u0119 przy zachowaniu tej samej substancji czynnej, orlistatu. Generyki podlegaj\u0105 rygorystycznym regulacjom, aby zapewni\u0107, \u017ce spe\u0142niaj\u0105 te same standardy skuteczno\u015bci i bezpiecze\u0144stwa, co wersje markowe. Ta dost\u0119pno\u015b\u0107 sprawi\u0142a, \u017ce \u200b\u200borlistat sta\u0142 si\u0119 popularnym wyborem dla os\u00f3b poszukuj\u0105cych wsparcia medycznego w procesie odchudzania.<\/p>\n<h2>Jak Orlistat dzia\u0142a w kontroli wagi<\/h2>\n<p>Orlistat dzia\u0142a poprzez hamowanie aktywno\u015bci lipazy, enzymu niezb\u0119dnego do trawienia t\u0142uszcz\u00f3w. Blokuj\u0105c dzia\u0142anie tego enzymu, orlistat zapobiega wch\u0142anianiu w jelitach oko\u0142o 30% t\u0142uszcz\u00f3w z diety. Niestrawione t\u0142uszcze s\u0105 nast\u0119pnie wydalane z organizmu, co prowadzi do zmniejszenia spo\u017cycia kalorii, a w konsekwencji do utraty wagi.<\/p>\n<p>W przeciwie\u0144stwie do niekt\u00f3rych lek\u00f3w odchudzaj\u0105cych, kt\u00f3re dzia\u0142aj\u0105 na o\u015brodkowy uk\u0142ad nerwowy i t\u0142umi\u0105 apetyt, orlistat dzia\u0142a lokalnie w przewodzie pokarmowym. Mechanizm ten minimalizuje wch\u0142anianie og\u00f3lnoustrojowe, zmniejszaj\u0105c ryzyko og\u00f3lnoustrojowych dzia\u0142a\u0144 niepo\u017c\u0105danych. Jednak u\u017cytkownicy musz\u0105 przestrzega\u0107 diety niskot\u0142uszczowej, aby skutecznie radzi\u0107 sobie z potencjalnymi skutkami ubocznymi ze strony przewodu pokarmowego.<\/p>\n<h2>Mechanizm dzia\u0142ania: Orlistat vs GLP-1<\/h2>\n<p>Podczas gdy orlistat dzia\u0142a poprzez blokowanie wch\u0142aniania t\u0142uszczu, agoni\u015bci receptora GLP\u20111, nowsza klasa lek\u00f3w odchudzaj\u0105cych, dzia\u0142aj\u0105 inaczej. GLP\u20111 na\u015bladuj\u0105 dzia\u0142anie naturalnie wyst\u0119puj\u0105cego hormonu glukagonopodobnego peptydu-1, kt\u00f3ry bierze udzia\u0142 w regulacji apetytu i przyjmowania pokarmu. Leki te wzmagaj\u0105 wydzielanie insuliny, op\u00f3\u017aniaj\u0105 opr\u00f3\u017cnianie \u017co\u0142\u0105dka i powoduj\u0105 uczucie syto\u015bci, co prowadzi do zmniejszenia spo\u017cycia pokarmu.<\/p>\n<p>Podw\u00f3jne mechanizmy GLP\u20111 nie tylko pomagaj\u0105 w kontrolowaniu masy cia\u0142a, ale tak\u017ce oferuj\u0105 dodatkow\u0105 korzy\u015b\u0107 w postaci poprawy kontroli glikemii, co czyni je szczeg\u00f3lnie przydatnymi dla os\u00f3b chorych na cukrzyc\u0119 typu 2. Natomiast dzia\u0142anie orlistatu ogranicza si\u0119 bardziej do zarz\u0105dzania t\u0142uszczem w diecie, koncentruj\u0105c si\u0119 wy\u0142\u0105cznie na redukcji kalorii poprzez wydalanie t\u0142uszczu.<\/p>\n<h2>Skuteczno\u015b\u0107 orlistatu w por\u00f3wnaniu z GLP-1<\/h2>\n<p>Badania oceniaj\u0105ce skuteczno\u015b\u0107 orlistatu i GLP-1 ujawniaj\u0105 r\u00f3\u017cne wyniki. Wykazano, \u017ce orlistat powoduje umiarkowan\u0105 utrat\u0119 masy cia\u0142a, zazwyczaj w zakresie 5\u201310% pocz\u0105tkowej masy cia\u0142a w ci\u0105gu roku, w po\u0142\u0105czeniu z modyfikacjami stylu \u017cycia. Jest najskuteczniejszy, gdy u\u017cytkownicy przestrzegaj\u0105 diety niskot\u0142uszczowej o kontrolowanej kaloryczno\u015bci.<\/p>\n<p>I odwrotnie, GLP-1 wykaza\u0142y bardziej znacz\u0105ce wyniki w utracie wagi, a niekt\u00f3re badania wykaza\u0142y redukcj\u0119 masy cia\u0142a a\u017c do 15% lub wi\u0119cej. Zwi\u0119kszon\u0105 utrat\u0119 wagi zwi\u0105zan\u0105 ze stosowaniem GLP-1 mo\u017cna przypisa\u0107 ich dzia\u0142aniu hamuj\u0105cemu apetyt, co zapewnia przewag\u0119 nad orlistatem osobom pragn\u0105cym znacznej redukcji masy cia\u0142a.<\/p>\n<h2>Skutki uboczne orlistatu i GLP-1<\/h2>\n<p>Najcz\u0119stsze dzia\u0142ania niepo\u017c\u0105dane orlistatu maj\u0105 charakter \u017co\u0142\u0105dkowo-jelitowy i obejmuj\u0105 t\u0142uste stolce, wzd\u0119cia i cz\u0119ste wypr\u00f3\u017cnienia. Skutki te mog\u0105 si\u0119 nasili\u0107 w wyniku stosowania diety wysokot\u0142uszczowej, co wymaga dostosowania diety w celu z\u0142agodzenia dyskomfortu. Jednak\u017ce takie dzia\u0142ania niepo\u017c\u0105dane s\u0105 zwykle \u0142agodne i ust\u0119puj\u0105 samoistnie.<\/p>\n<p>Z drugiej strony GLP-1 mog\u0105 <a href=\"https:\/\/zdrowienatychmiast.com\/kupic-xenical-generyczny-online-bez-recepty\">https:\/\/zdrowienatychmiast.com\/kupic-xenical-generyczny-online-bez-recepty<\/a> powodowa\u0107 nudno\u015bci, wymioty i biegunk\u0119, szczeg\u00f3lnie na pocz\u0105tku leczenia. Te dzia\u0142ania niepo\u017c\u0105dane zwykle ust\u0119puj\u0105 w miar\u0119 dostosowywania si\u0119 organizmu do leku. Ponadto istnieje potencjalne ryzyko zapalenia trzustki podczas stosowania GLP-1, chocia\u017c ryzyko to pozostaje niskie przy w\u0142a\u015bciwym monitorowaniu i zarz\u0105dzaniu dawkowaniem.<\/p>\n<h2>Por\u00f3wnanie koszt\u00f3w: Orlistat vs GLP-1<\/h2>\n<p>Koszt jest istotnym czynnikiem branym pod uwag\u0119 przy wyborze pomi\u0119dzy orlistatem a GLP-1. Orlistat generyczny jest na og\u00f3\u0142 ta\u0144szy, co czyni go realn\u0105 opcj\u0105 dla os\u00f3b z ograniczeniami bud\u017cetowymi. Jego powszechna dost\u0119pno\u015b\u0107 jako leku dost\u0119pnego bez recepty w niekt\u00f3rych regionach dodatkowo zmniejsza koszty zwi\u0105zane z regularnymi wizytami lekarskimi.<\/p>\n<p>Z kolei leki GLP\u20111 s\u0105 cz\u0119sto dro\u017csze, co odzwierciedla ich status nowszych, opatentowanych lek\u00f3w. Wy\u017cszy koszt mo\u017ce stanowi\u0107 barier\u0119 dla pacjent\u00f3w nieposiadaj\u0105cych pe\u0142nego ubezpieczenia zdrowotnego. Jednak niekt\u00f3re osoby mog\u0105 uzna\u0107 ten wydatek za uzasadniony, bior\u0105c pod uwag\u0119 mo\u017cliwo\u015b\u0107 wi\u0119kszej utraty wagi i dodatkowych korzy\u015bci metabolicznych.<\/p>\n<h2>Dost\u0119pno\u015b\u0107 i dost\u0119pno\u015b\u0107 lek\u00f3w generycznych Orlistat<\/h2>\n<p>Dost\u0119pno\u015b\u0107 generycznych orlistat\u00f3w znacznie si\u0119 poprawi\u0142a na przestrzeni lat, a wiele firm farmaceutycznych produkuje r\u00f3wnowa\u017cne preparaty. Doprowadzi\u0142o to do zwi\u0119kszonej dost\u0119pno\u015bci lek\u00f3w w aptekach na ca\u0142ym \u015bwiecie, co w niekt\u00f3rych krajach u\u0142atwi\u0142o pacjentom uzyskanie leku bez recepty.<\/p>\n<p>Pomimo dost\u0119pno\u015bci, skuteczno\u015b\u0107 orlistatu zale\u017cy w du\u017cej mierze od przestrzegania przez pacjenta wytycznych dietetycznych. Pracownicy s\u0142u\u017cby zdrowia odgrywaj\u0105 kluczow\u0105 rol\u0119 w edukowaniu pacjent\u00f3w o znaczeniu utrzymywania diety niskot\u0142uszczowej w celu optymalizacji wynik\u00f3w leczenia i minimalizacji dzia\u0142a\u0144 niepo\u017c\u0105danych.<\/p>\n<h2>Pr\u00f3by kliniczne i badania dotycz\u0105ce orlistatu i GLP-1<\/h2>\n<p>W licznych badaniach klinicznych oceniano skuteczno\u015b\u0107 i bezpiecze\u0144stwo zar\u00f3wno orlistatu, jak i GLP-1. D\u0142uga historia leku Orlistat na rynku jest poparta solidnymi danymi wykazuj\u0105cymi jego zdolno\u015b\u0107 do u\u0142atwiania umiarkowanej utraty wagi i poprawy profili lipidowych. Badania te ugruntowa\u0142y jego pozycj\u0119 jako niezawodnej opcji kontroli wagi.<\/p>\n<p>GLP-1, cho\u0107 nowsze, s\u0105 poparte coraz wi\u0119ksz\u0105 liczb\u0105 dowod\u00f3w podkre\u015blaj\u0105cych ich doskona\u0142e wyniki w zakresie utraty wagi i korzy\u015bci metaboliczne. Badania wykaza\u0142y znaczn\u0105 popraw\u0119 kontroli glikemii i czynnik\u00f3w ryzyka sercowo-naczyniowego, co przyczyni\u0142o si\u0119 do ich rosn\u0105cej popularno\u015bci w praktyce klinicznej.<\/p>\n<h2>Do\u015bwiadczenia pacjent\u00f3w: Orlistat vs GLP-1<\/h2>\n<p>Do\u015bwiadczenia pacjent\u00f3w ze stosowaniem orlistatu s\u0105 cz\u0119sto mieszane \u2013 niekt\u00f3rzy zg\u0142aszaj\u0105 zadowalaj\u0105c\u0105 utrat\u0119 masy cia\u0142a i mo\u017cliwe do opanowania skutki uboczne, podczas gdy dla innych ograniczenia dietetyczne stanowi\u0105 wyzwanie. Sukces orlistatu zale\u017cy w du\u017cej mierze od indywidualnego zaanga\u017cowania w zmiany stylu \u017cycia, kt\u00f3re mog\u0105 si\u0119 znacznie r\u00f3\u017cni\u0107 w zale\u017cno\u015bci od u\u017cytkownika.<\/p>\n<p>Informacje zwrotne od u\u017cytkownik\u00f3w GLP-1 s\u0105 zazwyczaj bardziej przychylne, zw\u0142aszcza je\u015bli chodzi o wyniki utraty wagi. Jednak\u017ce dzia\u0142ania niepo\u017c\u0105dane ze strony przewodu pokarmowego, zw\u0142aszcza nudno\u015bci, mog\u0105 dla niekt\u00f3rych dzia\u0142a\u0107 odstraszaj\u0105co. Pacjenci cz\u0119sto podkre\u015blaj\u0105 znaczenie stopniowego zwi\u0119kszania dawki i wsparcia personelu medycznego w skutecznym zarz\u0105dzaniu tymi dzia\u0142aniami niepo\u017c\u0105danymi.<\/p>\n<h2>D\u0142ugoterminowe wyniki stosowania orlistatu i GLP-1<\/h2>\n<p>Wykazano, \u017ce d\u0142ugotrwa\u0142e stosowanie orlistatu pomaga w utrzymaniu utraty wagi i zapobiega jej ponownemu przybieraniu na wadze w po\u0142\u0105czeniu z trwa\u0142ymi zmianami stylu \u017cycia. Jego wp\u0142yw na poziom cholesterolu i ci\u015bnienie krwi ma r\u00f3wnie\u017c pozytywny wp\u0142yw na d\u0142ugoterminowe skutki zdrowotne.<\/p>\n<p>GLP\u20111 oferuj\u0105 obiecuj\u0105ce d\u0142ugoterminowe korzy\u015bci, w tym trwa\u0142\u0105 utrat\u0119 wagi i popraw\u0119 profili metabolicznych. Ich zdolno\u015b\u0107 do zwi\u0119kszania wra\u017cliwo\u015bci na insulin\u0119 i wspomagania zdrowia uk\u0142adu kr\u0105\u017cenia sprawia, \u017ce \u200b\u200bs\u0105 atrakcyjne dla os\u00f3b ze wsp\u00f3\u0142istniej\u0105cymi chorobami zwi\u0105zanymi z oty\u0142o\u015bci\u0105. Aby w pe\u0142ni zrozumie\u0107 d\u0142ugoterminowe implikacje terapii GLP-1, potrzebne s\u0105 ci\u0105g\u0142e badania.<\/p>\n<h2>Zagadnienia dietetyczne zwi\u0105zane ze stosowaniem orlistatu i GLP-1<\/h2>\n<p>Dieta odgrywa kluczow\u0105 rol\u0119 w skuteczno\u015bci orlistatu. Dieta niskot\u0142uszczowa jest niezb\u0119dna, aby zminimalizowa\u0107 skutki uboczne ze strony przewodu pokarmowego i zmaksymalizowa\u0107 rezultaty utraty wagi. Pacjentom cz\u0119sto zaleca si\u0119 r\u00f3wnomierne roz\u0142o\u017cenie spo\u017cycia t\u0142uszczu na posi\u0142ki, aby zmniejszy\u0107 ryzyko nieprzyjemnych skutk\u00f3w ubocznych.<\/p>\n<p>Chocia\u017c GLP-1 nie wymagaj\u0105 specjalnych modyfikacji diety, przyj\u0119cie planu zdrowego od\u017cywiania mo\u017ce poprawi\u0107 utrat\u0119 wagi i wyniki metaboliczne. Pracownicy s\u0142u\u017cby zdrowia cz\u0119sto zalecaj\u0105 zbilansowane diety bogate w sk\u0142adniki od\u017cywcze, aby wspiera\u0107 og\u00f3lny stan zdrowia i maksymalizowa\u0107 korzy\u015bci z terapii GLP-1.<\/p>\n<h2>Wp\u0142yw na zdrowie metaboliczne: orlistat vs GLP-1<\/h2>\n<p>Wp\u0142yw orlistatu na zdrowie metaboliczne polega przede wszystkim na redukcji masy cia\u0142a i poprawie profili lipidowych. Zmniejszaj\u0105c wch\u0142anianie t\u0142uszcz\u00f3w w diecie, mo\u017ce prowadzi\u0107 do obni\u017cenia poziomu cholesterolu ca\u0142kowitego i cholesterolu LDL, co jest korzystne dla zdrowia uk\u0142adu kr\u0105\u017cenia.<\/p>\n<p>GLP-1 dzi\u0119ki wszechstronnemu mechanizmowi dzia\u0142ania zapewniaj\u0105 wyra\u017aniejsze korzy\u015bci metaboliczne. Poprawiaj\u0105 wra\u017cliwo\u015b\u0107 na insulin\u0119, obni\u017caj\u0105 poziom glukozy we krwi i korzystnie wp\u0142ywaj\u0105 na skurczowe ci\u015bnienie krwi. Te ulepszenia sprawiaj\u0105, \u017ce GLP-1 s\u0105 cenn\u0105 opcj\u0105 dla pacjent\u00f3w z zespo\u0142em metabolicznym lub cukrzyc\u0105 typu 2.<\/p>\n<h2>Wytyczne dotycz\u0105ce przepisywania orlistatu i GLP-1<\/h2>\n<p>Orlistat jest powszechnie przepisywany osobom z BMI 30 lub wy\u017cszym lub 27 ze schorzeniami zwi\u0105zanymi z oty\u0142o\u015bci\u0105. W celu osi\u0105gni\u0119cia optymalnych wynik\u00f3w zach\u0119ca si\u0119 pacjent\u00f3w do stosowania diety o obni\u017conej kaloryczno\u015bci i programu \u0107wicze\u0144 fizycznych. Aby monitorowa\u0107 post\u0119py i rozwia\u0107 wszelkie w\u0105tpliwo\u015bci, konieczne s\u0105 regularne kontrole.<\/p>\n<p>GLP-1 s\u0105 zwykle przepisywane osobom z BMI 30 lub wy\u017cszym lub 27 z chorobami wsp\u00f3\u0142istniej\u0105cymi, takimi jak cukrzyca typu 2. Dostosowywanie dawki ma kluczowe znaczenie w celu zminimalizowania dzia\u0142a\u0144 niepo\u017c\u0105danych, dlatego pacjenci powinni otrzymywa\u0107 ci\u0105g\u0142e wsparcie w zakresie kontrolowania masy cia\u0142a i poprawy zdrowia metabolicznego.<\/p>\n<h2>Przysz\u0142y rozw\u00f3j lek\u00f3w odchudzaj\u0105cych<\/h2>\n<p>Dziedzina lek\u00f3w odchudzaj\u0105cych stale si\u0119 rozwija, a wysi\u0142ki badawcze skupiaj\u0105 si\u0119 na poprawie skuteczno\u015bci i profili bezpiecze\u0144stwa. Badane s\u0105 nowe zwi\u0105zki i terapie skojarzone, kt\u00f3rych celem jest poprawa wynik\u00f3w utraty wagi przy jednoczesnym ograniczeniu dzia\u0142a\u0144 niepo\u017c\u0105danych.<\/p>\n<p>Post\u0119p w zrozumieniu szlak\u00f3w genetycznych i hormonalnych odpowiedzialnych za oty\u0142o\u015b\u0107 mo\u017ce prowadzi\u0107 do bardziej spersonalizowanych podej\u015b\u0107 do leczenia. W miar\u0119 pojawiania si\u0119 nowych terapii mog\u0105 one potencjalnie poszerzy\u0107 mo\u017cliwo\u015bci dla os\u00f3b zmagaj\u0105cych si\u0119 z oty\u0142o\u015bci\u0105, daj\u0105c nadziej\u0119 na skuteczniejsze i zr\u00f3wnowa\u017cone rozwi\u0105zania w zakresie kontroli wagi.<\/p>\n<h2>Dokonywanie \u015bwiadomego wyboru: Orlistat lub GLP-1?<\/h2>\n<p>Przy podejmowaniu decyzji pomi\u0119dzy orlistatem a GLP-1 nale\u017cy kierowa\u0107 si\u0119 indywidualnymi celami zdrowotnymi, preferencjami i wzgl\u0119dami finansowymi. Orlistat to op\u0142acalna, dobrze tolerowana opcja dla os\u00f3b, kt\u00f3re przestrzegaj\u0105 wytycznych dietetycznych i pragn\u0105 umiarkowanej utraty wagi.<\/p>\n<p>GLP-1, cho\u0107 dro\u017csze, zapewniaj\u0105 znaczn\u0105 utrat\u0119 masy cia\u0142a i korzy\u015bci metaboliczne, dzi\u0119ki czemu s\u0105 odpowiednie dla pacjent\u00f3w ze wsp\u00f3\u0142istniej\u0105cymi chorobami zwi\u0105zanymi z oty\u0142o\u015bci\u0105. Ostatecznie, aby dokona\u0107 \u015bwiadomego wyboru, niezb\u0119dna jest konsultacja ze \u015bwiadczeniodawcami w celu oceny osobistych potrzeb zdrowotnych i mo\u017cliwo\u015bci leczenia.<\/p>\n","protected":false},"excerpt":{"rendered":"<p>Xenical Generic vs alternatywy: orlistat vs GLP-1 Badanie r\u00f3\u017cnic mi\u0119dzy lekami generycznymi Xenical, orlistatem i GLP-1 w celu zrozumienia ich roli w kontroli masy cia\u0142a i zdrowiu metabolicznym. Zrozumienie Xenicalu i jego preparat\u00f3w generycznych Xenical, znany og\u00f3lnie jako orlistat, to nazwa o ugruntowanej pozycji w dziedzinie lek\u00f3w reguluj\u0105cych wag\u0119. Wprowadzony na rynek ponad dwie dekady &hellip; <a href=\"http:\/\/sabeono.com\/?page_id=825\" class=\"more-link\">Continue reading <span class=\"screen-reader-text\">Mechanizm dzia\u0142ania: Orlistat vs GLP-1<\/span> <span class=\"meta-nav\">&rarr;<\/span><\/a><\/p>\n","protected":false},"author":1,"featured_media":0,"parent":0,"menu_order":0,"comment_status":"closed","ping_status":"closed","template":"","meta":{"footnotes":""},"_links":{"self":[{"href":"http:\/\/sabeono.com\/index.php?rest_route=\/wp\/v2\/pages\/825"}],"collection":[{"href":"http:\/\/sabeono.com\/index.php?rest_route=\/wp\/v2\/pages"}],"about":[{"href":"http:\/\/sabeono.com\/index.php?rest_route=\/wp\/v2\/types\/page"}],"author":[{"embeddable":true,"href":"http:\/\/sabeono.com\/index.php?rest_route=\/wp\/v2\/users\/1"}],"replies":[{"embeddable":true,"href":"http:\/\/sabeono.com\/index.php?rest_route=%2Fwp%2Fv2%2Fcomments&post=825"}],"version-history":[{"count":1,"href":"http:\/\/sabeono.com\/index.php?rest_route=\/wp\/v2\/pages\/825\/revisions"}],"predecessor-version":[{"id":826,"href":"http:\/\/sabeono.com\/index.php?rest_route=\/wp\/v2\/pages\/825\/revisions\/826"}],"wp:attachment":[{"href":"http:\/\/sabeono.com\/index.php?rest_route=%2Fwp%2Fv2%2Fmedia&parent=825"}],"curies":[{"name":"wp","href":"https:\/\/api.w.org\/{rel}","templated":true}]}}