{"id":817,"date":"2026-03-23T16:46:12","date_gmt":"2026-03-23T16:46:12","guid":{"rendered":"http:\/\/sabeono.com\/?page_id=817"},"modified":"2026-03-23T16:46:12","modified_gmt":"2026-03-23T16:46:12","slug":"skladniki-aktywne-leku-diflucan-generic","status":"publish","type":"page","link":"http:\/\/sabeono.com\/?page_id=817","title":{"rendered":"Sk\u0142adniki aktywne leku Diflucan Generic"},"content":{"rendered":"<h1>Diflucan Generic na ple\u015bniawki i infekcje grzybicze: jak to dzia\u0142a<\/h1>\n<p>Zrozumienie dzia\u0142ania leku Diflucan Generic w leczeniu ple\u015bniawek i infekcji grzybiczych ma kluczowe znaczenie dla skutecznego i bezpiecznego leczenia tych schorze\u0144.<\/p>\n<h2>Zrozumienie ple\u015bniawki i infekcji grzybiczych<\/h2>\n<p>Infekcje ple\u015bniawkowe i grzybicze to cz\u0119ste schorzenia spowodowane nadmiernym wzrostem grzyb\u00f3w w r\u00f3\u017cnych cz\u0119\u015bciach cia\u0142a. W szczeg\u00f3lno\u015bci ple\u015bniawka odnosi si\u0119 do infekcji dro\u017cd\u017cakowej wywo\u0142anej przez gatunki Candida, cz\u0119sto atakuj\u0105cej jam\u0119 ustn\u0105 i gard\u0142o. Objawy obejmuj\u0105 bia\u0142e plamy, zaczerwienienie i dyskomfort. Z drugiej strony infekcje grzybicze mog\u0105 wp\u0142ywa\u0107 na sk\u00f3r\u0119, paznokcie i inne obszary, prowadz\u0105c do takich objaw\u00f3w, jak sw\u0119dzenie, zaczerwienienie i \u0142uszczenie si\u0119.<\/p>\n<p>Infekcje te zwykle rozwijaj\u0105 si\u0119 w ciep\u0142ym, wilgotnym \u015brodowisku i mog\u0105 by\u0107 wywo\u0142ane takimi czynnikami, jak stosowanie antybiotyk\u00f3w, os\u0142abienie uk\u0142adu odporno\u015bciowego i niekontrolowana cukrzyca. Zrozumienie przyczyn i objaw\u00f3w jest niezb\u0119dne do skutecznego diagnozowania i leczenia tych infekcji.<\/p>\n<h2>Rola Diflucanu w leczeniu infekcji grzybiczych<\/h2>\n<p>Diflucan, dobrze znany lek przeciwgrzybiczy, odgrywa znacz\u0105c\u0105 rol\u0119 w leczeniu r\u00f3\u017cnych infekcji grzybiczych, w tym ple\u015bniawki. Nale\u017cy do klasy lek\u00f3w zwanych triazolowymi lekami przeciwgrzybiczymi, kt\u00f3rych dzia\u0142anie polega na hamowaniu wzrostu grzyb\u00f3w. Diflucan jest powszechnie przepisywany ze wzgl\u0119du na jego skuteczno\u015b\u0107 i zdolno\u015b\u0107 zwalczania szerokiego zakresu organizm\u00f3w grzybiczych.<\/p>\n<p>W leczeniu infekcji takich jak ple\u015bniawka Diflucan zapewnia wygodny roztw\u00f3r doustny, co czyni go preferowanym wyborem w por\u00f3wnaniu z leczeniem miejscowym, zw\u0142aszcza w przypadkach obejmuj\u0105cych narz\u0105dy wewn\u0119trzne lub zaka\u017cenia og\u00f3lnoustrojowe. Podmioty \u015bwiadcz\u0105ce opiek\u0119 zdrowotn\u0105 cz\u0119sto wybieraj\u0105 Diflucan ze wzgl\u0119du na udokumentowane do\u015bwiadczenie i przyjazne dla pacjenta schematy dawkowania.<\/p>\n<h2>Sk\u0142adniki aktywne leku Diflucan Generic<\/h2>\n<p>Substancj\u0105 czynn\u0105 leku Diflucan i jego wersji generycznej jest flukonazol. Flukonazol jest silnym \u015brodkiem przeciwgrzybiczym, skutecznie zwalczaj\u0105cym r\u00f3\u017cne szczepy grzyb\u00f3w. W\u0142\u0105czenie go do preparatu generycznego gwarantuje pacjentom uzyskanie takich samych korzy\u015bci terapeutycznych, jak w przypadku stosowania wersji markowej.<\/p>\n<p>Leki generyczne musz\u0105 spe\u0142nia\u0107 rygorystyczne normy regulacyjne, aby mie\u0107 pewno\u015b\u0107, \u017ce zawieraj\u0105 te same sk\u0142adniki aktywne i oferuj\u0105 podobny profil skuteczno\u015bci i bezpiecze\u0144stwa, jak ich markowe odpowiedniki. Dzi\u0119ki temu Diflucan Generic jest niezawodn\u0105 i op\u0142acaln\u0105 opcj\u0105 dla pacjent\u00f3w.<\/p>\n<h2>Jak Diflucan Generic dzia\u0142a na organizm<\/h2>\n<p>Diflucan Generic dzia\u0142a poprzez rozrywanie b\u0142ony kom\u00f3rkowej grzyb\u00f3w, kluczowego elementu wzrostu i prze\u017cycia grzyb\u00f3w. Flukonazol, sk\u0142adnik aktywny, hamuje enzym odpowiedzialny za przekszta\u0142canie lanosterolu w ergosterol, niezb\u0119dny element budulcowy b\u0142ony kom\u00f3rkowej grzyb\u00f3w. To zaburzenie prowadzi do zwi\u0119kszonej przepuszczalno\u015bci b\u0142ony i ostatecznie do \u015bmierci kom\u00f3rek grzyb\u00f3w.<\/p>\n<p>Dzi\u0119ki temu mechanizmowi Diflucan skutecznie leczy r\u00f3\u017cnorodne zaka\u017cenia grzybicze, w tym tak\u017ce te wywo\u0142ane przez gatunki Candida. Jego zdolno\u015b\u0107 do docierania do r\u00f3\u017cnych tkanek i p\u0142yn\u00f3w ustrojowych czyni go szczeg\u00f3lnie przydatnym w leczeniu infekcji og\u00f3lnoustrojowych i wewn\u0119trznych.<\/p>\n<h2>Wytyczne dotycz\u0105ce dawkowania leku Diflucan Generic<\/h2>\n<p>Dawkowanie leku Diflucan Generic r\u00f3\u017cni si\u0119 w zale\u017cno\u015bci od rodzaju i ci\u0119\u017cko\u015bci zaka\u017cenia. W przypadku ple\u015bniawki zazwyczaj stosowana dawka wynosi 200 mg pierwszego dnia, a nast\u0119pnie 100 mg raz na dob\u0119 przez co najmniej dwa tygodnie. W przypadku ci\u0119\u017cszych lub og\u00f3lnoustrojowych zaka\u017ce\u0144 grzybiczych mog\u0105 by\u0107 konieczne wi\u0119ksze dawki i d\u0142u\u017cszy czas leczenia.<\/p>\n<p>Bardzo wa\u017cne jest, aby <a href=\"https:\/\/komfortzdrowia.com\/diflucan-generyczny-bez-recepty\">https:\/\/komfortzdrowia.com\/diflucan-generyczny-bez-recepty<\/a> post\u0119powa\u0107 zgodnie z instrukcjami lekarza i uko\u0144czy\u0107 ca\u0142y cykl leczenia, aby zapobiec nawrotom lub oporno\u015bci. Pacjenci powinni tak\u017ce zna\u0107 wszelkie szczeg\u00f3\u0142owe instrukcje dotycz\u0105ce czasu i sposobu przyjmowania leku, aby zapewni\u0107 jego skuteczno\u015b\u0107.<\/p>\n<h2>Potencjalne skutki uboczne Diflucanu<\/h2>\n<p>Jak ka\u017cdy lek, Diflucan Generic mo\u017ce powodowa\u0107 dzia\u0142ania niepo\u017c\u0105dane, chocia\u017c nie u ka\u017cdego one wyst\u0105pi\u0105. Cz\u0119ste dzia\u0142ania niepo\u017c\u0105dane obejmuj\u0105 nudno\u015bci, b\u00f3l g\u0142owy, zawroty g\u0142owy i b\u00f3l brzucha. S\u0105 one na og\u00f3\u0142 \u0142agodne i ust\u0119puj\u0105 samoistnie, gdy organizm dostosowuje si\u0119 do leku.<\/p>\n<p>W rzadkich przypadkach Diflucan mo\u017ce powodowa\u0107 powa\u017cniejsze dzia\u0142ania niepo\u017c\u0105dane, takie jak uszkodzenie w\u0105troby, ci\u0119\u017ckie reakcje sk\u00f3rne lub reakcje alergiczne. Pacjenci powinni zachowa\u0107 czujno\u015b\u0107 i zasi\u0119gn\u0105\u0107 porady lekarza, je\u015bli wyst\u0105pi\u0105 objawy takie jak \u017c\u00f3\u0142taczka, wysypka lub obrz\u0119k, kt\u00f3re mog\u0105 wskazywa\u0107 na ci\u0119\u017ck\u0105 reakcj\u0119.<\/p>\n<h2>Por\u00f3wnanie leku generycznego Diflucan z markowym lekiem Diflucan<\/h2>\n<p>Zar\u00f3wno lek generyczny, jak i markowy Diflucan zawieraj\u0105 flukonazol jako substancj\u0119 czynn\u0105, zapewniaj\u0105c r\u00f3wnowa\u017cne dzia\u0142anie terapeutyczne. Podstawowa r\u00f3\u017cnica polega na ich koszcie, przy czym wersja generyczna jest na og\u00f3\u0142 ta\u0144sza, a jednocze\u015bnie zapewnia t\u0119 sam\u0105 skuteczno\u015b\u0107 i bezpiecze\u0144stwo.<\/p>\n<p>Pacjenci mog\u0105 \u015bmia\u0142o wybra\u0107 wersj\u0119 generyczn\u0105, wiedz\u0105c, \u017ce spe\u0142nia ona te same rygorystyczne standardy, co lek markowy. To sprawia, \u017ce \u200b\u200bjest to atrakcyjna opcja dla os\u00f3b poszukuj\u0105cych op\u0142acalnego rozwi\u0105zania bez kompromis\u00f3w w zakresie jako\u015bci.<\/p>\n<h2>Korzy\u015bci ze stosowania leku generycznego Diflucan<\/h2>\n<p>Jedn\u0105 z najwa\u017cniejszych zalet leku Diflucan Generic jest jego op\u0142acalno\u015b\u0107, dzi\u0119ki czemu jest on dost\u0119pny dla szerszego grona pacjent\u00f3w bez utraty jako\u015bci i bezpiecze\u0144stwa. Dodatkowo jego szerokie spektrum dzia\u0142ania przeciwko r\u00f3\u017cnym infekcjom grzybiczym sprawia, \u017ce \u200b\u200bjest to wszechstronna opcja terapeutyczna.<\/p>\n<p>Wygoda podawania doustnego i ugruntowany profil bezpiecze\u0144stwa dodatkowo zwi\u0119kszaj\u0105 atrakcyjno\u015b\u0107 leku, umo\u017cliwiaj\u0105c pacjentom skuteczne radzenie sobie ze swoimi schorzeniami przy minimalnych zak\u0142\u00f3ceniach w ich codziennym \u017cyciu.<\/p>\n<h2>\u015arodki ostro\u017cno\u015bci i przeciwwskazania<\/h2>\n<p>Przed rozpocz\u0119ciem leczenia lekiem Diflucan Generic pacjenci powinni om\u00f3wi\u0107 ze swoim lekarzem histori\u0119 swojego stanu zdrowia, zw\u0142aszcza histori\u0119 chor\u00f3b w\u0105troby, chor\u00f3b serca lub alergii. Informacje te pomagaj\u0105 zapewni\u0107 bezpiecze\u0144stwo stosowania leku i zmniejszaj\u0105 ryzyko wyst\u0105pienia dzia\u0142a\u0144 niepo\u017c\u0105danych.<\/p>\n<p>Diflucan jest przeciwwskazany u pacjent\u00f3w ze znan\u0105 nadwra\u017cliwo\u015bci\u0105 na flukonazol lub podobne leki przeciwgrzybicze. Kobiety w ci\u0105\u017cy i karmi\u0105ce piersi\u0105 powinny stosowa\u0107 go tylko wtedy, gdy jest to bezwzgl\u0119dnie konieczne i pod kierunkiem pracownika s\u0142u\u017cby zdrowia ze wzgl\u0119du na potencjalne ryzyko dla niemowl\u0119cia.<\/p>\n<h2>Interakcje z innymi lekami<\/h2>\n<p>Diflucan Generic mo\u017ce wchodzi\u0107 w interakcje z r\u00f3\u017cnymi lekami, potencjalnie zmieniaj\u0105c ich dzia\u0142anie lub zwi\u0119kszaj\u0105c ryzyko wyst\u0105pienia dzia\u0142a\u0144 niepo\u017c\u0105danych. Godne uwagi interakcje obejmuj\u0105 leki rozrzedzaj\u0105ce krew, niekt\u00f3re antybiotyki i leki stosowane w leczeniu chor\u00f3b serca.<\/p>\n<p>Pacjenci powinni informowa\u0107 swojego lekarza o wszystkich przyjmowanych obecnie lekach, w tym lekach dost\u0119pnych bez recepty i suplementach, aby unikn\u0105\u0107 szkodliwych interakcji. W przypadku stosowania leku Diflucan jednocze\u015bnie z innymi lekami mo\u017ce by\u0107 konieczne regularne monitorowanie i dostosowanie dawki.<\/p>\n<h2>Skuteczno\u015b\u0107 Diflucan Generic na ple\u015bniawki<\/h2>\n<p>Diflucan Generic jest bardzo skuteczny w leczeniu ple\u015bniawki, dzi\u0119ki swojej zdolno\u015bci do zwalczania grzyb\u00f3w Candida. Badania kliniczne i do\u015bwiadczenia pacjent\u00f3w konsekwentnie wykazuj\u0105 jego zdolno\u015b\u0107 do szybkiego \u0142agodzenia objaw\u00f3w i usuwania infekcji.<\/p>\n<p>Dzi\u0119ki systemowemu dzia\u0142aniu dociera do wszystkich dotkni\u0119tych obszar\u00f3w, co czyni go szczeg\u00f3lnie korzystnym dla pacjent\u00f3w z rozleg\u0142ymi lub nawracaj\u0105cymi infekcjami. Ta skuteczno\u015b\u0107 w po\u0142\u0105czeniu z bezpiecze\u0144stwem i \u0142atwo\u015bci\u0105 u\u017cycia sprawia, \u017ce \u200b\u200bjest to preferowany wyb\u00f3r zar\u00f3wno dla pacjent\u00f3w, jak i podmiot\u00f3w \u015bwiadcz\u0105cych opiek\u0119 zdrowotn\u0105.<\/p>\n<h2>Do\u015bwiadczenia i recenzje pacjent\u00f3w<\/h2>\n<p>Opinie pacjent\u00f3w o leku Diflucan Generic cz\u0119sto podkre\u015blaj\u0105 jego skuteczno\u015b\u0107 w szybkim \u0142agodzeniu objaw\u00f3w infekcji grzybiczych. Wielu u\u017cytkownik\u00f3w docenia wygod\u0119 stosowania jednodawkowej kuracji na ple\u015bniawki, zauwa\u017caj\u0105c znaczn\u0105 popraw\u0119 w ci\u0105gu kilku dni.<\/p>\n<p>Chocia\u017c wi\u0119kszo\u015b\u0107 do\u015bwiadcze\u0144 jest pozytywna, niekt\u00f3rzy pacjenci zg\u0142aszaj\u0105 \u0142agodne skutki uboczne, co podkre\u015bla znaczenie om\u00f3wienia potencjalnego ryzyka z lekarzem. Og\u00f3lnie rzecz bior\u0105c, wysoki wska\u017anik skuteczno\u015bci i przyst\u0119pna cena przyczyniaj\u0105 si\u0119 do jego pozytywnego odbioru w\u015br\u00f3d pacjent\u00f3w.<\/p>\n<h2>Alternatywne metody leczenia infekcji grzybiczych<\/h2>\n<p>Chocia\u017c Diflucan Generic jest skuteczny, dost\u0119pne s\u0105 alternatywne metody leczenia dla os\u00f3b, kt\u00f3re mog\u0105 go \u017ale tolerowa\u0107 lub maj\u0105 szczeg\u00f3lne przeciwwskazania. W przypadku infekcji sk\u00f3ry cz\u0119sto stosuje si\u0119 miejscowe kremy i ma\u015bci przeciwgrzybicze, co stanowi bezpo\u015bredni\u0105 metod\u0119 leczenia.<\/p>\n<p>Pacjentom poszukuj\u0105cym opcji niefarmaceutycznych czasami zaleca si\u0119 zmiany diety i probiotyki, aby pom\u00f3c zr\u00f3wnowa\u017cy\u0107 naturaln\u0105 flor\u0119 i zapobiec przysz\u0142ym infekcjom. Jednak\u017ce te alternatywy powinny raczej uzupe\u0142nia\u0107, a nie zast\u0119powa\u0107 profesjonalne porady lekarskie i leczenie.<\/p>\n<h2>Jak bezpiecznie otrzyma\u0107 Diflucan Generic<\/h2>\n<p>Aby bezpiecznie otrzyma\u0107 Diflucan Generic, pacjenci powinni skonsultowa\u0107 si\u0119 z lekarzem w celu uzyskania recepty. Gwarantuje to, \u017ce lek jest odpowiedni dla konkretnego stanu pacjenta i zmniejsza ryzyko niew\u0142a\u015bciwego u\u017cycia lub oporno\u015bci.<\/p>\n<p>Pacjenci kupuj\u0105cy Diflucan Generic przez Internet powinni upewni\u0107 si\u0119, \u017ce korzystaj\u0105 z us\u0142ug renomowanych aptek, kt\u00f3re wymagaj\u0105 recepty. Pomaga to zagwarantowa\u0107 autentyczno\u015b\u0107 i jako\u015b\u0107 leku, chroni\u0105c pacjent\u00f3w przed podrabianymi produktami.<\/p>\n<h2>Przysz\u0142y rozw\u00f3j lek\u00f3w przeciwgrzybiczych<\/h2>\n<p>Dziedzina lek\u00f3w przeciwgrzybiczych stale si\u0119 rozwija, a badania koncentruj\u0105 si\u0119 na opracowywaniu nowych lek\u00f3w dzia\u0142aj\u0105cych na oporne szczepy grzyb\u00f3w i oferuj\u0105cych ulepszone profile bezpiecze\u0144stwa. Post\u0119py w zrozumieniu genetyki grzyb\u00f3w i mechanizm\u00f3w oporno\u015bci toruj\u0105 drog\u0119 nowym terapiom.<\/p>\n<p>Badane s\u0105 innowacje, takie jak terapie skojarzone i systemy ukierunkowanego dostarczania, aby zwi\u0119kszy\u0107 skuteczno\u015b\u0107 i zmniejszy\u0107 skutki uboczne. W miar\u0119 post\u0119pu bada\u0144 przysz\u0142o\u015b\u0107 terapii przeciwgrzybiczych zapowiada si\u0119 na zapewnienie pacjentom na ca\u0142ym \u015bwiecie wi\u0119kszej liczby opcji i lepszych wynik\u00f3w.<\/p>\n","protected":false},"excerpt":{"rendered":"<p>Diflucan Generic na ple\u015bniawki i infekcje grzybicze: jak to dzia\u0142a Zrozumienie dzia\u0142ania leku Diflucan Generic w leczeniu ple\u015bniawek i infekcji grzybiczych ma kluczowe znaczenie dla skutecznego i bezpiecznego leczenia tych schorze\u0144. Zrozumienie ple\u015bniawki i infekcji grzybiczych Infekcje ple\u015bniawkowe i grzybicze to cz\u0119ste schorzenia spowodowane nadmiernym wzrostem grzyb\u00f3w w r\u00f3\u017cnych cz\u0119\u015bciach cia\u0142a. W szczeg\u00f3lno\u015bci ple\u015bniawka odnosi &hellip; <a href=\"http:\/\/sabeono.com\/?page_id=817\" class=\"more-link\">Continue reading <span class=\"screen-reader-text\">Sk\u0142adniki aktywne leku Diflucan Generic<\/span> <span class=\"meta-nav\">&rarr;<\/span><\/a><\/p>\n","protected":false},"author":1,"featured_media":0,"parent":0,"menu_order":0,"comment_status":"closed","ping_status":"closed","template":"","meta":{"footnotes":""},"_links":{"self":[{"href":"http:\/\/sabeono.com\/index.php?rest_route=\/wp\/v2\/pages\/817"}],"collection":[{"href":"http:\/\/sabeono.com\/index.php?rest_route=\/wp\/v2\/pages"}],"about":[{"href":"http:\/\/sabeono.com\/index.php?rest_route=\/wp\/v2\/types\/page"}],"author":[{"embeddable":true,"href":"http:\/\/sabeono.com\/index.php?rest_route=\/wp\/v2\/users\/1"}],"replies":[{"embeddable":true,"href":"http:\/\/sabeono.com\/index.php?rest_route=%2Fwp%2Fv2%2Fcomments&post=817"}],"version-history":[{"count":1,"href":"http:\/\/sabeono.com\/index.php?rest_route=\/wp\/v2\/pages\/817\/revisions"}],"predecessor-version":[{"id":818,"href":"http:\/\/sabeono.com\/index.php?rest_route=\/wp\/v2\/pages\/817\/revisions\/818"}],"wp:attachment":[{"href":"http:\/\/sabeono.com\/index.php?rest_route=%2Fwp%2Fv2%2Fmedia&parent=817"}],"curies":[{"name":"wp","href":"https:\/\/api.w.org\/{rel}","templated":true}]}}