{"id":725,"date":"2026-03-22T23:44:39","date_gmt":"2026-03-22T23:44:39","guid":{"rendered":"http:\/\/sabeono.com\/?page_id=725"},"modified":"2026-03-22T23:44:39","modified_gmt":"2026-03-22T23:44:39","slug":"porozumeni-lumiganu-003-pouziti-a-vyhody","status":"publish","type":"page","link":"http:\/\/sabeono.com\/?page_id=725","title":{"rendered":"Porozum\u011bn\u00ed Lumiganu 0.03%: Pou\u017eit\u00ed a v\u00fdhody"},"content":{"rendered":"","protected":false},"excerpt":{"rendered":"","protected":false},"author":1,"featured_media":0,"parent":0,"menu_order":0,"comment_status":"closed","ping_status":"closed","template":"","meta":{"footnotes":""},"_links":{"self":[{"href":"http:\/\/sabeono.com\/index.php?rest_route=\/wp\/v2\/pages\/725"}],"collection":[{"href":"http:\/\/sabeono.com\/index.php?rest_route=\/wp\/v2\/pages"}],"about":[{"href":"http:\/\/sabeono.com\/index.php?rest_route=\/wp\/v2\/types\/page"}],"author":[{"embeddable":true,"href":"http:\/\/sabeono.com\/index.php?rest_route=\/wp\/v2\/users\/1"}],"replies":[{"embeddable":true,"href":"http:\/\/sabeono.com\/index.php?rest_route=%2Fwp%2Fv2%2Fcomments&post=725"}],"version-history":[{"count":1,"href":"http:\/\/sabeono.com\/index.php?rest_route=\/wp\/v2\/pages\/725\/revisions"}],"predecessor-version":[{"id":726,"href":"http:\/\/sabeono.com\/index.php?rest_route=\/wp\/v2\/pages\/725\/revisions\/726"}],"wp:attachment":[{"href":"http:\/\/sabeono.com\/index.php?rest_route=%2Fwp%2Fv2%2Fmedia&parent=725"}],"curies":[{"name":"wp","href":"https:\/\/api.w.org\/{rel}","templated":true}]}}