{"id":1052,"date":"2026-03-25T01:23:24","date_gmt":"2026-03-25T01:23:24","guid":{"rendered":"http:\/\/sabeono.com\/?page_id=1052"},"modified":"2026-05-08T16:48:58","modified_gmt":"2026-05-08T16:48:58","slug":"kaj-je-lasix-in-njegov-genericni-ekvivalent","status":"publish","type":"page","link":"http:\/\/sabeono.com\/?page_id=1052","title":{"rendered":"Kaj je Lasix in njegov generi\u010dni ekvivalent?"},"content":{"rendered":"<h1>Lasix Generic Pogosta vpra\u0161anja: odgovor na 10 najpogostej\u0161ih vpra\u0161anj<\/h1>\n<p>Ta \u010dlanek obravnava najpogostej\u0161a vpra\u0161anja o generi\u010dnem Lasixu ter ponuja vpogled v njegovo uporabo, u\u010dinke in varnostne pomisleke.<\/p>\n<h2>Kaj je Lasix in njegov generi\u010dni ekvivalent?<\/h2>\n<p>Lasix je splo\u0161no znana blagovna znamka za zdravilo furosemid, ki je diuretik, ki se pogosto predpisuje za pomo\u010d telesu, da se znebi odve\u010dne soli in vode. Diuretiki, v\u010dasih imenovani tudi &quot;vodne tablete,&quot; se obi\u010dajno uporabljajo za obvladovanje stanj, ki vklju\u010dujejo zastajanje teko\u010dine in hipertenzijo. Generi\u010dni ekvivalent, furosemid, ponuja enake terapevtske koristi kot Lasix, vendar obi\u010dajno po ugodnej\u0161i ceni.<\/p>\n<p>Generi\u010dna zdravila morajo izpolnjevati stroge regulativne standarde, da zagotovijo, da so bioekvivalentna svojim blagovnim znamkam. To pomeni, da generi\u010dni Lasix vsebuje enako u\u010dinkovino kot razli\u010dica z blagovno znamko in na telo deluje na enak na\u010din. \u0160tevilni bolniki in zdravstveni delavci se odlo\u010dajo za generike zaradi njihove stro\u0161kovne u\u010dinkovitosti in dostopnosti.<\/p>\n<h2>Kako deluje generi\u010dni Lasix?<\/h2>\n<p>Generi\u010dno zdravilo Lasix deluje tako, da zavira reabsorpcijo natrija in klorida v ledvicah, zlasti v Henlejevi zanki. To dejanje pove\u010da izlo\u010danje vode, natrija, klorida, kalija in kalcija, kar ima za posledico zmanj\u0161anje kopi\u010denja teko\u010dine v telesu. Pove\u010dano nastajanje urina pomaga zni\u017eati krvni tlak in edeme, ki so otekline, ki nastanejo zaradi zastajanja teko\u010dine.<\/p>\n<p>Furosemid je u\u010dinkovit, ker deluje hitro, obi\u010dajno v eni uri po peroralni uporabi. Zaradi tega je prednostna izbira za obvladovanje akutnih simptomov, povezanih z zastajanjem teko\u010dine. Vendar pa njegovi diureti\u010dni u\u010dinki zahtevajo skrbno spremljanje, da prepre\u010dimo dehidracijo in neravnovesja v ravni elektrolitov.<\/p>\n<h2>Kak\u0161ne so obi\u010dajne uporabe generi\u010dnega Lasixa?<\/h2>\n<p>Generi\u010dno zdravilo Lasix se uporablja predvsem za zdravljenje stanj, ki vklju\u010dujejo zadr\u017eevanje teko\u010dine, kot so kongestivno sr\u010dno popu\u0161\u010danje, ciroza jeter in ledvi\u010dna bolezen. S spodbujanjem izlo\u010danja odve\u010dne teko\u010dine pomaga ubla\u017eiti simptome, kot so otekanje nog, gle\u017enjev in trebuha. Poleg tega se uporablja za obvladovanje hipertenzije, bodisi sam ali v kombinaciji z drugimi antihipertenzivi.<\/p>\n<p>V nekaterih primerih je furosemid predpisan za pomo\u010d pri za\u0161\u010diti ledvic pri dolo\u010denih zdravstvenih stanjih z zmanj\u0161anjem obremenitve teh organov. Ob\u010dasno se uporablja tudi pri zdravljenju hiperkalciemije, stanja, za katerega so zna\u010dilne povi\u0161ane ravni kalcija v krvi.<\/p>\n<h2>Ali obstajajo kak\u0161ni stranski u\u010dinki jemanja generi\u010dnega Lasixa?<\/h2>\n<p>Kot vsa zdravila ima <a href=\"https:\/\/digitalnalekarna.si\/lasix-genericni-strosek-na-spletu-brez-recepta\">https:\/\/digitalnalekarna.si\/lasix-genericni-strosek-na-spletu-brez-recepta<\/a> lahko tudi generi\u010dno zdravilo Lasix ne\u017eelene u\u010dinke, ki pa se ne bodo pojavili pri vseh. Pogosti ne\u017eeleni u\u010dinki vklju\u010dujejo dehidracijo, nizek krvni tlak, omotico in elektrolitsko neravnovesje, zlasti nizko raven kalija, znano kot hipokalemija. Te je pogosto mogo\u010de obvladati s prilagoditvami prehrane ali dodatki, kot vam svetuje zdravstveni delavec.<\/p>\n<p>Resnej\u0161i ne\u017eeleni u\u010dinki, \u010deprav manj pogosti, lahko vklju\u010dujejo izgubo sluha, te\u017eave z ledvicami ali hude alergijske reakcije. Bolnike se spodbuja, da kakr\u0161ne koli nenavadne simptome nemudoma obvestijo svojega zdravnika. Redno spremljanje krvnega tlaka in elektrolitov lahko pomaga prepre\u010diti ali omiliti te ne\u017eelene u\u010dinke.<\/p>\n<h2>Kako jemati generi\u010dni Lasix za najbolj\u0161e rezultate?<\/h2>\n<p>Za optimalno u\u010dinkovitost je treba generi\u010dni Lasix jemati natan\u010dno tako, kot vam je predpisal zdravstveni delavec. Obi\u010dajno se jemlje enkrat ali dvakrat na dan, s hrano ali brez nje. \u010ce ga vzamete zjutraj, lahko zmanj\u0161ate potrebo po no\u010dnem uriniranju, ki lahko moti spanec.<\/p>\n<p>Bolnikom se svetuje, naj natan\u010dno upo\u0161tevajo zdravnikova navodila za odmerjanje in naj se izogibajo podvojitvi odmerkov, \u010de enega izpustijo. Dosleden vnos vsak dan ob istem \u010dasu lahko pomaga ohranjati njegove terapevtske u\u010dinke in u\u010dinkovito uravnava zastajanje teko\u010dine.<\/p>\n<h2>Katere previdnostne ukrepe je treba upo\u0161tevati pri uporabi generi\u010dnega zdravila Lasix?<\/h2>\n<p>Preden za\u010dnete jemati generi\u010dni Lasix, je pomembno, da svojega zdravnika obvestite o svoji popolni zdravstveni anamnezi, zlasti \u010de imate te\u017eave z ledvicami ali jetri, sladkorno bolezen, protin ali lupus. Ta stanja lahko zahtevajo posebno pozornost ali prilagoditev odmerka.<\/p>\n<p>Paziti je treba, da ne pride do dehidracije, zlasti v vro\u010dem vremenu, med vadbo ali \u010de se slabo po\u010dutite zaradi povi\u0161ane telesne temperature, bruhanja ali driske. Med jemanjem tega zdravila bodo morda potrebne redne krvne preiskave za spremljanje delovanja ledvic in ravni elektrolitov. Poleg tega morajo biti bolniki previdni pri hitrem vstajanju iz sede\u010dega ali le\u017ee\u010dega polo\u017eaja, da prepre\u010dijo omotico ali omedlevico.<\/p>\n<h2>Ali lahko generi\u010dni Lasix vpliva na druga zdravila?<\/h2>\n<p>Da, generi\u010dno zdravilo Lasix lahko deluje z drugimi zdravili, kar lahko spremeni njihove u\u010dinke ali pove\u010da tveganje za ne\u017eelene u\u010dinke. Pogoste interakcije vklju\u010dujejo interakcije z drugimi antihipertenzivi, ki lahko pove\u010dajo u\u010dinke zni\u017eanja krvnega tlaka in povzro\u010dijo hipotenzijo.<\/p>\n<p>Nesteroidna protivnetna zdravila (NSAID) lahko zmanj\u0161ajo diureti\u010dni u\u010dinek furosemida, nekateri antibiotiki pa lahko pove\u010dajo tveganje za po\u0161kodbe ledvic. Bolniki morajo vedno obvestiti svojega zdravstvenega delavca o vseh zdravilih in dodatkih, ki jih jemljejo za u\u010dinkovito obvladovanje morebitnih interakcij.<\/p>\n<h2>Ali je generi\u010dni Lasix varen med nose\u010dnostjo ali dojenjem??<\/h2>\n<p>Generi\u010dno zdravilo Lasix se sme med nose\u010dnostjo uporabljati le, \u010de mo\u017ene koristi upravi\u010dujejo mo\u017ena tveganja za plod. Pomembno je, da se nose\u010dnice posvetujejo s svojim zdravstvenim delavcem, da oceni njihovo posebno situacijo. Uporaba furosemida med nose\u010dnostjo je na splo\u0161no rezervirana za primere, ko stanje matere predstavlja ve\u010dje tveganje kot samo zdravilo.<\/p>\n<p>Kar zadeva dojenje, lahko furosemid prehaja v materino mleko in lahko vpliva na nastajanje mleka. Matere naj se o tveganjih in koristih pogovorijo s svojim zdravstvenim delavcem, da dolo\u010dijo najbolj\u0161i na\u010din ukrepanja za mater in otroka.<\/p>\n<h2>Kako varno shraniti generi\u010dni Lasix?<\/h2>\n<p>Da bi zagotovili u\u010dinkovitost zdravila, je treba generi\u010dno zdravilo Lasix shranjevati pri sobni temperaturi, za\u0161\u010diteno pred neposredno son\u010dno svetlobo, vro\u010dino in vlago. Ostati mora v originalni posodi s tesno zaprtim pokrovom, da se prepre\u010di kontaminacija ali razgradnja.<\/p>\n<p>To zdravilo hranite izven dosega otrok in hi\u0161nih ljubljen\u010dkov, da prepre\u010dite nenamerno zau\u017eitje. Zdravila s prete\u010denim rokom uporabnosti ali neuporabljena zdravila je treba ustrezno zavre\u010di v skladu s smernicami farmacevta ali lokalnega organa za odstranjevanje odpadkov.<\/p>\n<h2>Kaj naj storim, \u010de izpustim odmerek generi\u010dnega zdravila Lasix?<\/h2>\n<p>\u010ce ste izpustili odmerek generi\u010dnega zdravila Lasix, ga morate vzeti takoj, ko se spomnite. \u010ce pa je \u017ee skoraj \u010das za naslednji na\u010drtovani odmerek, presko\u010dite pozabljeni odmerek in nadaljujte z obi\u010dajnim urnikom odmerjanja. Izogibajte se dvojnemu odmerku, da bi nadomestili izpu\u0161\u010denega, saj lahko to pove\u010da tveganje za ne\u017eelene u\u010dinke.<\/p>\n<p>Vzdr\u017eevanje rednega urnika in nastavitev opomnikov lahko pomaga prepre\u010diti izpu\u0161\u010dene odmerke. \u010ce pogosto pozabite vzeti zdravilo, se posvetujte s svojim zdravnikom za nasvet o ustvarjanju bolj obvladljive rutine.<\/p>\n<h2>Kje lahko na spletu varno kupim generi\u010dni Lasix?<\/h2>\n<p>Nakup generi\u010dnega Lasixa prek spleta zahteva previdnost, da zagotovite, da dobite zakonit in varen izdelek. Priporo\u010dljivo je, da kupujete v priznanih spletnih lekarnah, ki zahtevajo recept. Te lekarne bi morali certificirati priznani organi, kot je va\u0161a lokalna agencija za uravnavanje zdravstvenega varstva ali Verified Internet Pharmacy Practice Sites (VIPPS) v ZDA.<\/p>\n<p>Pazite se spletnih mest, ki ponujajo zdravila brez recepta ali po znatno ni\u017ejih cenah kot obi\u010dajno, saj so to lahko znaki ponarejenih izdelkov. Preden kupite zdravila na spletu, se vedno posvetujte s svojim zdravnikom, da preverite zakonitost in varnost vira.<\/p>\n<div style=\"overflow:hidden;height:1px;\"><a href=\"https:\/\/mbdvh.org.uk\/\">fast withdrawal casino<\/a><\/div>\n<div style=\"overflow:hidden;height:1px;\"><a href=\"https:\/\/jimwalker.co.uk\/\">best payout casino<\/a><\/div>\n","protected":false},"excerpt":{"rendered":"<p>Lasix Generic Pogosta vpra\u0161anja: odgovor na 10 najpogostej\u0161ih vpra\u0161anj Ta \u010dlanek obravnava najpogostej\u0161a vpra\u0161anja o generi\u010dnem Lasixu ter ponuja vpogled v njegovo uporabo, u\u010dinke in varnostne pomisleke. Kaj je Lasix in njegov generi\u010dni ekvivalent? Lasix je splo\u0161no znana blagovna znamka za zdravilo furosemid, ki je diuretik, ki se pogosto predpisuje za pomo\u010d telesu, da se &hellip; <a href=\"http:\/\/sabeono.com\/?page_id=1052\" class=\"more-link\">Continue reading <span class=\"screen-reader-text\">Kaj je Lasix in njegov generi\u010dni ekvivalent?<\/span> <span class=\"meta-nav\">&rarr;<\/span><\/a><\/p>\n","protected":false},"author":1,"featured_media":0,"parent":0,"menu_order":0,"comment_status":"closed","ping_status":"closed","template":"","meta":{"footnotes":""},"_links":{"self":[{"href":"http:\/\/sabeono.com\/index.php?rest_route=\/wp\/v2\/pages\/1052"}],"collection":[{"href":"http:\/\/sabeono.com\/index.php?rest_route=\/wp\/v2\/pages"}],"about":[{"href":"http:\/\/sabeono.com\/index.php?rest_route=\/wp\/v2\/types\/page"}],"author":[{"embeddable":true,"href":"http:\/\/sabeono.com\/index.php?rest_route=\/wp\/v2\/users\/1"}],"replies":[{"embeddable":true,"href":"http:\/\/sabeono.com\/index.php?rest_route=%2Fwp%2Fv2%2Fcomments&post=1052"}],"version-history":[{"count":3,"href":"http:\/\/sabeono.com\/index.php?rest_route=\/wp\/v2\/pages\/1052\/revisions"}],"predecessor-version":[{"id":4402,"href":"http:\/\/sabeono.com\/index.php?rest_route=\/wp\/v2\/pages\/1052\/revisions\/4402"}],"wp:attachment":[{"href":"http:\/\/sabeono.com\/index.php?rest_route=%2Fwp%2Fv2%2Fmedia&parent=1052"}],"curies":[{"name":"wp","href":"https:\/\/api.w.org\/{rel}","templated":true}]}}